{"id":8569,"date":"2024-08-14T08:34:21","date_gmt":"2024-08-14T06:34:21","guid":{"rendered":"https:\/\/www.mathier.com\/events\/mathier-wine-festival-wine-apricots\/"},"modified":"2026-01-20T14:46:53","modified_gmt":"2026-01-20T13:46:53","slug":"wein-aprikosen","status":"publish","type":"veranstaltungen","link":"https:\/\/www.mathier.com\/en\/events\/wein-aprikosen\/","title":{"rendered":"&#8220;Wine &amp; apricots&#8221;"},"content":{"rendered":"\n<h2 class=\"wp-block-heading\" style=\"font-size:1.75rem\">The Mathier wine festival is all about summer enjoyment<\/h2>\n\n<p>Don&#8217;t miss this special kind of gourmet t\u00eate-\u00e0-t\u00eate! To kick off the summer on <strong>June 27, 2026<\/strong>, you can discover and enjoy not only the queen of the Valais orchard, but also the award-winning top wines from our winery to your heart&#8217;s content at the <strong>first Mathier Wine Festival<\/strong>. <\/p>\n\n<p>Summer again at last! Nature is lush and green and there are colorful fireworks everywhere. And of course the nose and palate should not miss out. Enjoy with all your senses &#8211; that is the motto of the <strong>1st Mathier Wine Festival<\/strong>. Apricots and wine dominate this event under a steel-blue sky and against the imposing backdrop of the Alps.    <\/p>\n\n<p>You will encounter the orchard classic in three ways: as an irresistibly sweet and juicy fruit, as a high percentage in <strong>Vieil Apricot Barrique<\/strong>, with which Diego Mathier has already been crowned <strong>Swiss Schnapps Champion<\/strong>, and of course as a seductive aroma in one or two of <a href=\"https:\/\/www.mathier-shop.com\/en\/all-wines\" rel=\"noopener\">our fine Valais wines<\/a>.<\/p>\n\n<p>If you&#8217;re in the mood for even more summer enjoyment, we recommend a stay at our <strong>BnB Vino Veritas<\/strong>. Located in the heart of Valais and just a stone&#8217;s throw from the vineyard, it is the ideal starting point for your Valais discovery tour. Within 60 minutes you can reach all the major excursion destinations in our sunny canton, from <strong>Lake Geneva right up to the Goms<\/strong>.  <\/p>\n\n<hr class=\"wp-block-separator has-alpha-channel-opacity is-style-wide\" style=\"margin-top:2.5rem;margin-bottom:1.5rem\"\/>\n\n<h3 class=\"wp-block-heading\" style=\"border-style:none;border-width:0px;border-radius:0px;padding-top:1rem;font-size:1.5rem\">Event details<\/h3>\n\n<h4 class=\"wp-block-heading has-text-color has-link-color wp-elements-8369d36d5008b8d8e33316837fc30dc2\" style=\"color:#a2924f;font-size:1.13rem\">You can look forward to<\/h4>\n\n<ul class=\"wp-block-list\">\n<li><a href=\"https:\/\/www.mathier.com\/en\/wine-tasting-in-switzerland\/\">Guided wine tasting<\/a><\/li>\n\n\n\n<li>Cellar tour<\/li>\n\n\n\n<li>Guided hike through the vineyards<\/li>\n\n\n\n<li>Valais apricots direct from the producer at a special price<\/li>\n\n\n\n<li>Meal at the Barrique Wine &amp; Raclette Restaurant (optional &#8211; consumption is not included in the event).<\/li>\n<\/ul>\n\n<h4 class=\"wp-block-heading has-text-color has-link-color wp-elements-4bdbce41cf43b35b1433729461119b01\" style=\"color:#a2924f;padding-top:1rem;font-size:1.13rem\">Price<\/h4>\n\n<ul class=\"wp-block-list\">\n<li>CHF 50.00 per person, payable on site.<\/li>\n\n\n\n<li>In return, you will receive a voucher worth CHF 50.00 at the entrance, redeemable for purchases of 12 bottles or more (75cl).<\/li>\n<\/ul>\n\n<h4 class=\"wp-block-heading has-text-color has-link-color wp-elements-d82c55c8b2fee66a5db6b1b1f647d748\" style=\"color:#a2924f;padding-top:1rem;font-size:1.13rem\">events<\/h4>\n\n<figure class=\"wp-block-table is-style-stripes\"><table class=\"has-fixed-layout\"><thead><tr><th class=\"has-text-align-left\" data-align=\"left\">DAY<\/th><th class=\"has-text-align-left\" data-align=\"left\">TIME<\/th><\/tr><\/thead><tbody><tr><td class=\"has-text-align-left\" data-align=\"left\">Saturday<\/td><td class=\"has-text-align-left\" data-align=\"left\">10:00-18:00<\/td><\/tr><\/tbody><\/table><\/figure>\n\n<h4 class=\"wp-block-heading has-text-color has-link-color wp-elements-a6a33f5937a7c1b12b7a6b4eaa4a901d\" style=\"color:#a2924f;padding-top:1rem;font-size:1.13rem\">Hike start times<\/h4>\n\n<p>All those who would like to take part in the hike should be at the winery by 10:30 a.m. at the latest.<\/p>\n\n<h4 class=\"wp-block-heading has-text-color has-link-color wp-elements-d0bd2c24aba633bc6582596f853c8a8e\" style=\"color:#a2924f;padding-top:1rem;font-size:1.13rem\">Registration<\/h4>\n\n<p>You can easily register by telephone on <strong>027 455 75 75<\/strong> or by e-mail to <strong>info@mathier.com<\/strong> &#8211; we look forward to your participation!<\/p>\n\n<p><strong><em>If you want to enjoy the Valais a little longer and more intensively, we recommend a stay at our BnB Vino Veritas. Located in the heart of Valais and just a stone&#8217;s throw from our winery, it is the ideal starting point for your journey of discovery in the Valais summer, as you can reach all the main excursion destinations in our sunny canton from Lake Geneva to Goms within 60 minutes! <\/em><\/strong><\/p>\n","protected":false},"excerpt":{"rendered":"<p>MATHIERS WEINFEST<br \/>Salgesch, 27.06.2026<\/p>\n","protected":false},"featured_media":1824,"parent":0,"template":"","ereignis-tags":[245],"class_list":["post-8569","veranstaltungen","type-veranstaltungen","status-publish","has-post-thumbnail","hentry","ereignis-tags-events-en"],"_links":{"self":[{"href":"https:\/\/www.mathier.com\/en\/wp-json\/wp\/v2\/veranstaltungen\/8569","targetHints":{"allow":["GET"]}}],"collection":[{"href":"https:\/\/www.mathier.com\/en\/wp-json\/wp\/v2\/veranstaltungen"}],"about":[{"href":"https:\/\/www.mathier.com\/en\/wp-json\/wp\/v2\/types\/veranstaltungen"}],"wp:featuredmedia":[{"embeddable":true,"href":"https:\/\/www.mathier.com\/en\/wp-json\/wp\/v2\/media\/1824"}],"wp:attachment":[{"href":"https:\/\/www.mathier.com\/en\/wp-json\/wp\/v2\/media?parent=8569"}],"wp:term":[{"taxonomy":"ereignis-tags","embeddable":true,"href":"https:\/\/www.mathier.com\/en\/wp-json\/wp\/v2\/ereignis-tags?post=8569"}],"curies":[{"name":"wp","href":"https:\/\/api.w.org\/{rel}","templated":true}]}}

<h2 class="wp-block-heading" style="font-size:1.75rem">The Mathier wine festival is all about summer enjoyment</h2>

<p>Don&#8217;t miss this special kind of gourmet tête-à-tête! To kick off the summer on <strong>June 27, 2026</strong>, you can discover and enjoy not only the queen of the Valais orchard, but also the award-winning top wines from our winery to your heart&#8217;s content at the <strong>first Mathier Wine Festival</strong>. </p>

<p>Summer again at last! Nature is lush and green and there are colorful fireworks everywhere. And of course the nose and palate should not miss out. Enjoy with all your senses &#8211; that is the motto of the <strong>1st Mathier Wine Festival</strong>. Apricots and wine dominate this event under a steel-blue sky and against the imposing backdrop of the Alps.    </p>

<p>You will encounter the orchard classic in three ways: as an irresistibly sweet and juicy fruit, as a high percentage in <strong>Vieil Apricot Barrique</strong>, with which Diego Mathier has already been crowned <strong>Swiss Schnapps Champion</strong>, and of course as a seductive aroma in one or two of <a href="https://www.mathier-shop.com/en/all-wines" rel="noopener">our fine Valais wines</a>.</p>

<p>If you&#8217;re in the mood for even more summer enjoyment, we recommend a stay at our <strong>BnB Vino Veritas</strong>. Located in the heart of Valais and just a stone&#8217;s throw from the vineyard, it is the ideal starting point for your Valais discovery tour. Within 60 minutes you can reach all the major excursion destinations in our sunny canton, from <strong>Lake Geneva right up to the Goms</strong>.  </p>

<hr class="wp-block-separator has-alpha-channel-opacity is-style-wide" style="margin-top:2.5rem;margin-bottom:1.5rem"/>

<h3 class="wp-block-heading" style="border-style:none;border-width:0px;border-radius:0px;padding-top:1rem;font-size:1.5rem">Event details</h3>

<h4 class="wp-block-heading has-text-color has-link-color wp-elements-8369d36d5008b8d8e33316837fc30dc2" style="color:#a2924f;font-size:1.13rem">You can look forward to</h4>

<ul class="wp-block-list">
<li><a href="https://www.mathier.com/en/wine-tasting-in-switzerland/">Guided wine tasting</a></li>



<li>Cellar tour</li>



<li>Guided hike through the vineyards</li>



<li>Valais apricots direct from the producer at a special price</li>



<li>Meal at the Barrique Wine &amp; Raclette Restaurant (optional &#8211; consumption is not included in the event).</li>
</ul>

<h4 class="wp-block-heading has-text-color has-link-color wp-elements-4bdbce41cf43b35b1433729461119b01" style="color:#a2924f;padding-top:1rem;font-size:1.13rem">Price</h4>

<ul class="wp-block-list">
<li>CHF 50.00 per person, payable on site.</li>



<li>In return, you will receive a voucher worth CHF 50.00 at the entrance, redeemable for purchases of 12 bottles or more (75cl).</li>
</ul>

<h4 class="wp-block-heading has-text-color has-link-color wp-elements-d82c55c8b2fee66a5db6b1b1f647d748" style="color:#a2924f;padding-top:1rem;font-size:1.13rem">events</h4>

<figure class="wp-block-table is-style-stripes"><table class="has-fixed-layout"><thead><tr><th class="has-text-align-left" data-align="left">DAY</th><th class="has-text-align-left" data-align="left">TIME</th></tr></thead><tbody><tr><td class="has-text-align-left" data-align="left">Saturday</td><td class="has-text-align-left" data-align="left">10:00-18:00</td></tr></tbody></table></figure>

<h4 class="wp-block-heading has-text-color has-link-color wp-elements-a6a33f5937a7c1b12b7a6b4eaa4a901d" style="color:#a2924f;padding-top:1rem;font-size:1.13rem">Hike start times</h4>

<p>All those who would like to take part in the hike should be at the winery by 10:30 a.m. at the latest.</p>

<h4 class="wp-block-heading has-text-color has-link-color wp-elements-d0bd2c24aba633bc6582596f853c8a8e" style="color:#a2924f;padding-top:1rem;font-size:1.13rem">Registration</h4>

<p>You can easily register by telephone on <strong>027 455 75 75</strong> or by e-mail to <strong>info@mathier.com</strong> &#8211; we look forward to your participation!</p>

<p><strong><em>If you want to enjoy the Valais a little longer and more intensively, we recommend a stay at our BnB Vino Veritas. Located in the heart of Valais and just a stone&#8217;s throw from our winery, it is the ideal starting point for your journey of discovery in the Valais summer, as you can reach all the main excursion destinations in our sunny canton from Lake Geneva to Goms within 60 minutes! </em></strong></p>
