{"id":17604,"date":"2026-01-07T11:21:53","date_gmt":"2026-01-07T10:21:53","guid":{"rendered":"https:\/\/www.mathier.com\/events\/gwaerb-hochdorf-luzern\/"},"modified":"2026-03-23T10:38:31","modified_gmt":"2026-03-23T09:38:31","slug":"gwaerb-hochdorf-luzern","status":"publish","type":"veranstaltungen","link":"https:\/\/www.mathier.com\/fr\/events\/gwaerb-hochdorf-luzern\/","title":{"rendered":"Gw\u00e4rb Hochdorf, Lucerne"},"content":{"rendered":"\n<h2 class=\"wp-block-heading\" style=\"font-size:1.75rem\">D\u00e9couvrir la diversit\u00e9 des vins du Valais &#8211; Votre rendez-vous avec les fines bulles<\/h2>\n\n<p>Envie de go\u00fbter \u00e0 la joie de vivre valaisanne ? Lors de la prochaine foire, nous ouvrirons pour vous nos meilleures bouteilles. D\u00e9couvrez de premi\u00e8re main pourquoi nos vins font partie de l&rsquo;\u00e9lite et profitez d&rsquo;une parenth\u00e8se pleine de saveurs.  <\/p>\n\n<p>Notre offre r\u00e9pond \u00e0 tous vos souhaits : D\u00e9couvrez la vivacit\u00e9 de nos vins blancs (par exemple la Petite Arvine) ou la puissance de nos classiques rouges comme le Cornalin et l&rsquo;Humagne Rouge. Apprenez de premi\u00e8re main avec quelle passion et quel savoir-faire nos vins sont \u00e9labor\u00e9s. <\/p>\n\n<p>Passez nous voir et trouvez votre nouveau vin pr\u00e9f\u00e9r\u00e9. Nous vous attendons avec impatience ! <\/p>\n\n<hr class=\"wp-block-separator has-alpha-channel-opacity is-style-wide\" style=\"margin-top:2.5rem;margin-bottom:1.5rem\"\/>\n\n<h3 class=\"wp-block-heading\" style=\"border-style:none;border-width:0px;border-radius:0px;padding-top:1rem;font-size:1.5rem\">D\u00e9tails de l&rsquo;\u00e9v\u00e9nement<\/h3>\n\n<h4 class=\"wp-block-heading has-text-color has-link-color wp-elements-b0f321af2818f7d06856522af8046bac\" style=\"color:#a2924f;font-size:1.13rem\">Site<\/h4>\n\n<figure class=\"wp-block-table is-style-stripes\"><table class=\"has-fixed-layout\"><thead><tr><th class=\"has-text-align-left\" data-align=\"left\">HALLE<\/th><th class=\"has-text-align-left\" data-align=\"left\">STAND<\/th><\/tr><\/thead><tbody><tr><td class=\"has-text-align-left\" data-align=\"left\">CE<\/td><td class=\"has-text-align-left\" data-align=\"left\">22B<\/td><\/tr><\/tbody><\/table><\/figure>\n\n<h4 class=\"wp-block-heading has-text-color has-link-color wp-elements-d72524f84e9ca2b6e344b00dec7fe55b\" style=\"color:#a2924f;padding-top:1rem;font-size:1.13rem\">Heures d&rsquo;ouverture <strong><em>(exposition)<\/em><\/strong><\/h4>\n\n<figure class=\"wp-block-table is-style-stripes\"><table class=\"has-fixed-layout\"><thead><tr><th class=\"has-text-align-left\" data-align=\"left\">JOUR<\/th><th class=\"has-text-align-left\" data-align=\"left\">TEMPS<\/th><\/tr><\/thead><tbody><tr><td class=\"has-text-align-left\" data-align=\"left\">Vendredi<\/td><td class=\"has-text-align-left\" data-align=\"left\">17:00-21:00 heures<\/td><\/tr><tr><td class=\"has-text-align-left\" data-align=\"left\">Samedi<\/td><td class=\"has-text-align-left\" data-align=\"left\">10:00-21:00 heures<\/td><\/tr><tr><td class=\"has-text-align-left\" data-align=\"left\">Dimanche<\/td><td class=\"has-text-align-left\" data-align=\"left\">10:00-17:00 heures<\/td><\/tr><\/tbody><\/table><\/figure>\n\n<h4 class=\"wp-block-heading has-text-color has-link-color wp-elements-4024162d348817c9a6f5dd04fbf701c8\" style=\"color:#a2924f;padding-top:1rem;font-size:1.13rem\">Heures d&rsquo;ouverture <strong><em>(Gastro)<\/em><\/strong><\/h4>\n\n<figure class=\"wp-block-table is-style-stripes\"><table class=\"has-fixed-layout\"><thead><tr><th class=\"has-text-align-left\" data-align=\"left\">JOUR<\/th><th class=\"has-text-align-left\" data-align=\"left\">TEMPS<\/th><\/tr><\/thead><tbody><tr><td class=\"has-text-align-left\" data-align=\"left\">Vendredi<\/td><td class=\"has-text-align-left\" data-align=\"left\">17:00-02:00 heures<\/td><\/tr><tr><td class=\"has-text-align-left\" data-align=\"left\">Samedi<\/td><td class=\"has-text-align-left\" data-align=\"left\">10:00-03:00 heures<\/td><\/tr><tr><td class=\"has-text-align-left\" data-align=\"left\">Dimanche<\/td><td class=\"has-text-align-left\" data-align=\"left\">10:00-18:00 heures<\/td><\/tr><\/tbody><\/table><\/figure>\n\n<h4 class=\"wp-block-heading has-text-color has-link-color wp-elements-25cd6400f3ebc5f7a4b8966e18789dd5\" style=\"color:#a2924f;padding-top:1rem;font-size:1.13rem\">Prix d&rsquo;entr\u00e9e  <strong><em><strong>(exposition<\/strong>)<\/em><\/strong><\/h4>\n\n<figure class=\"wp-block-table is-style-stripes\"><table class=\"has-fixed-layout\"><thead><tr><th class=\"has-text-align-left\" data-align=\"left\">BILLETS<\/th><th class=\"has-text-align-left\" data-align=\"left\">PRIX<\/th><\/tr><\/thead><tbody><tr><td class=\"has-text-align-left\" data-align=\"left\">\u00e0 partir de 16 ans<\/td><td class=\"has-text-align-left\" data-align=\"left\">CHF 10.00 y compris un bon pour une boisson d&rsquo;une valeur de CHF 5.00 <\/td><\/tr><tr><td class=\"has-text-align-left\" data-align=\"left\">6-16 ans<\/td><td class=\"has-text-align-left\" data-align=\"left\">CHF 5.00<\/td><\/tr><tr><td class=\"has-text-align-left\" data-align=\"left\">moins de 6 ans<\/td><td class=\"has-text-align-left\" data-align=\"left\">gratuit<\/td><\/tr><\/tbody><\/table><\/figure>\n\n<h4 class=\"wp-block-heading has-text-color has-link-color wp-elements-1882e49f2d5c233183d403cb6ad816af\" style=\"color:#a2924f;padding-top:1rem;font-size:1.13rem\">Arriv\u00e9e<\/h4>\n\n<p>Nous vous recommandons d&rsquo;utiliser les transports en commun. Le site de la f\u00eate se trouve juste \u00e0 c\u00f4t\u00e9 de la gare de Hochdorf. Les trains entre Lucerne et Lenzbourg circulent toutes les 30 minutes.  <\/p>\n\n<p>Des places de stationnement pour v\u00e9los sont disponibles \u00e0 l&rsquo;entr\u00e9e. Si vous souhaitez n\u00e9anmoins venir en voiture, il y a suffisamment de places de parking dans les environs (signal\u00e9es). <\/p>\n\n<p><\/p>\n","protected":false},"excerpt":{"rendered":"<p>FOIRE D&rsquo;AUTOMNE<br \/>Hochdorf (LU), 04.09. au 06.09.2026 <\/p>\n","protected":false},"featured_media":19795,"parent":0,"template":"","ereignis-tags":[244],"class_list":["post-17604","veranstaltungen","type-veranstaltungen","status-publish","has-post-thumbnail","hentry","ereignis-tags-foires-et-salons"],"_links":{"self":[{"href":"https:\/\/www.mathier.com\/fr\/wp-json\/wp\/v2\/veranstaltungen\/17604","targetHints":{"allow":["GET"]}}],"collection":[{"href":"https:\/\/www.mathier.com\/fr\/wp-json\/wp\/v2\/veranstaltungen"}],"about":[{"href":"https:\/\/www.mathier.com\/fr\/wp-json\/wp\/v2\/types\/veranstaltungen"}],"wp:featuredmedia":[{"embeddable":true,"href":"https:\/\/www.mathier.com\/fr\/wp-json\/wp\/v2\/media\/19795"}],"wp:attachment":[{"href":"https:\/\/www.mathier.com\/fr\/wp-json\/wp\/v2\/media?parent=17604"}],"wp:term":[{"taxonomy":"ereignis-tags","embeddable":true,"href":"https:\/\/www.mathier.com\/fr\/wp-json\/wp\/v2\/ereignis-tags?post=17604"}],"curies":[{"name":"wp","href":"https:\/\/api.w.org\/{rel}","templated":true}]}}

Gwärb Hochdorf, Lucerne

<h2 class="wp-block-heading" style="font-size:1.75rem">Découvrir la diversité des vins du Valais &#8211; Votre rendez-vous avec les fines bulles</h2>

<p>Envie de goûter à la joie de vivre valaisanne ? Lors de la prochaine foire, nous ouvrirons pour vous nos meilleures bouteilles. Découvrez de première main pourquoi nos vins font partie de l&rsquo;élite et profitez d&rsquo;une parenthèse pleine de saveurs.  </p>

<p>Notre offre répond à tous vos souhaits : Découvrez la vivacité de nos vins blancs (par exemple la Petite Arvine) ou la puissance de nos classiques rouges comme le Cornalin et l&rsquo;Humagne Rouge. Apprenez de première main avec quelle passion et quel savoir-faire nos vins sont élaborés. </p>

<p>Passez nous voir et trouvez votre nouveau vin préféré. Nous vous attendons avec impatience ! </p>

<hr class="wp-block-separator has-alpha-channel-opacity is-style-wide" style="margin-top:2.5rem;margin-bottom:1.5rem"/>

<h3 class="wp-block-heading" style="border-style:none;border-width:0px;border-radius:0px;padding-top:1rem;font-size:1.5rem">Détails de l&rsquo;événement</h3>

<h4 class="wp-block-heading has-text-color has-link-color wp-elements-b0f321af2818f7d06856522af8046bac" style="color:#a2924f;font-size:1.13rem">Site</h4>

<figure class="wp-block-table is-style-stripes"><table class="has-fixed-layout"><thead><tr><th class="has-text-align-left" data-align="left">HALLE</th><th class="has-text-align-left" data-align="left">STAND</th></tr></thead><tbody><tr><td class="has-text-align-left" data-align="left">CE</td><td class="has-text-align-left" data-align="left">22B</td></tr></tbody></table></figure>

<h4 class="wp-block-heading has-text-color has-link-color wp-elements-d72524f84e9ca2b6e344b00dec7fe55b" style="color:#a2924f;padding-top:1rem;font-size:1.13rem">Heures d&rsquo;ouverture <strong><em>(exposition)</em></strong></h4>

<figure class="wp-block-table is-style-stripes"><table class="has-fixed-layout"><thead><tr><th class="has-text-align-left" data-align="left">JOUR</th><th class="has-text-align-left" data-align="left">TEMPS</th></tr></thead><tbody><tr><td class="has-text-align-left" data-align="left">Vendredi</td><td class="has-text-align-left" data-align="left">17:00-21:00 heures</td></tr><tr><td class="has-text-align-left" data-align="left">Samedi</td><td class="has-text-align-left" data-align="left">10:00-21:00 heures</td></tr><tr><td class="has-text-align-left" data-align="left">Dimanche</td><td class="has-text-align-left" data-align="left">10:00-17:00 heures</td></tr></tbody></table></figure>

<h4 class="wp-block-heading has-text-color has-link-color wp-elements-4024162d348817c9a6f5dd04fbf701c8" style="color:#a2924f;padding-top:1rem;font-size:1.13rem">Heures d&rsquo;ouverture <strong><em>(Gastro)</em></strong></h4>

<figure class="wp-block-table is-style-stripes"><table class="has-fixed-layout"><thead><tr><th class="has-text-align-left" data-align="left">JOUR</th><th class="has-text-align-left" data-align="left">TEMPS</th></tr></thead><tbody><tr><td class="has-text-align-left" data-align="left">Vendredi</td><td class="has-text-align-left" data-align="left">17:00-02:00 heures</td></tr><tr><td class="has-text-align-left" data-align="left">Samedi</td><td class="has-text-align-left" data-align="left">10:00-03:00 heures</td></tr><tr><td class="has-text-align-left" data-align="left">Dimanche</td><td class="has-text-align-left" data-align="left">10:00-18:00 heures</td></tr></tbody></table></figure>

<h4 class="wp-block-heading has-text-color has-link-color wp-elements-25cd6400f3ebc5f7a4b8966e18789dd5" style="color:#a2924f;padding-top:1rem;font-size:1.13rem">Prix d&rsquo;entrée  <strong><em><strong>(exposition</strong>)</em></strong></h4>

<figure class="wp-block-table is-style-stripes"><table class="has-fixed-layout"><thead><tr><th class="has-text-align-left" data-align="left">BILLETS</th><th class="has-text-align-left" data-align="left">PRIX</th></tr></thead><tbody><tr><td class="has-text-align-left" data-align="left">à partir de 16 ans</td><td class="has-text-align-left" data-align="left">CHF 10.00 y compris un bon pour une boisson d&rsquo;une valeur de CHF 5.00 </td></tr><tr><td class="has-text-align-left" data-align="left">6-16 ans</td><td class="has-text-align-left" data-align="left">CHF 5.00</td></tr><tr><td class="has-text-align-left" data-align="left">moins de 6 ans</td><td class="has-text-align-left" data-align="left">gratuit</td></tr></tbody></table></figure>

<h4 class="wp-block-heading has-text-color has-link-color wp-elements-1882e49f2d5c233183d403cb6ad816af" style="color:#a2924f;padding-top:1rem;font-size:1.13rem">Arrivée</h4>

<p>Nous vous recommandons d&rsquo;utiliser les transports en commun. Le site de la fête se trouve juste à côté de la gare de Hochdorf. Les trains entre Lucerne et Lenzbourg circulent toutes les 30 minutes.  </p>

<p>Des places de stationnement pour vélos sont disponibles à l&rsquo;entrée. Si vous souhaitez néanmoins venir en voiture, il y a suffisamment de places de parking dans les environs (signalées). </p>

<p></p>
