{"id":4408,"date":"2024-08-14T14:32:32","date_gmt":"2024-08-14T12:32:32","guid":{"rendered":"https:\/\/www.mathier.com\/?post_type=veranstaltungen&#038;p=4408"},"modified":"2026-01-07T15:04:50","modified_gmt":"2026-01-07T14:04:50","slug":"evenement-de-retrait-hochdorf","status":"publish","type":"veranstaltungen","link":"https:\/\/www.mathier.com\/fr\/events\/evenement-de-retrait-hochdorf\/","title":{"rendered":"\u00c9v\u00e9nement de retrait Hochdorf"},"content":{"rendered":"\n<h2 class=\"wp-block-heading\" style=\"font-size:1.75rem\">\u00c9v\u00e9nement de ramassage avec vin et raclette<\/h2>\n\n<p>Venez nous rendre visite \u00e0 Hochdorf et laissez-vous accueillir par l&rsquo;hospitalit\u00e9 chaleureuse de la <a href=\"https:\/\/www.mathier.com\/fr\/famille-et-histoire\/\">famille Mathier<\/a> et de l&rsquo;\u00e9quipe Adrian &amp; Diego Mathier. Laissez-vous s\u00e9duire par l&rsquo;expertise et la passion de la famille Mathier et vivez des moments inoubliables dans notre confortable salle de d\u00e9gustation. Vous aurez la possibilit\u00e9 de d\u00e9guster et d&rsquo;acheter sur place les <a href=\"https:\/\/www.mathier-shop.com\/fr\/\" rel=\"noopener\">vins s\u00e9lectionn\u00e9s d&rsquo;Adrian &amp; Diego Mathier Nouveau Salquenen AG<\/a>, et surtout de retirer directement vos commandes des salons, aux m\u00eames conditions qu&rsquo;\u00e0 Salquenen. Vous b\u00e9n\u00e9ficiez d&rsquo;un rabais de 1.00 CHF par unit\u00e9 pour l&rsquo;enl\u00e8vement et le paiement au comptant et d&rsquo;un rabais de quantit\u00e9 int\u00e9ressant \u00e0 partir de 36 bouteilles. Apr\u00e8s l&rsquo;achat, une d\u00e9licieuse raclette valaisanne vous sera offerte par la famille Nadia &amp; Diego Mathier. Vous avez \u00e9galement la possibilit\u00e9 d&rsquo;acheter une demi-meule de fromage \u00e0 raclette au prix de CHF 65.00. Profitez de cette occasion pour d\u00e9guster l&rsquo;exquise <a href=\"https:\/\/www.mathier-shop.com\/fr\/tous-les-vins\" rel=\"noopener\">diversit\u00e9 de nos vins<\/a> et passez un agr\u00e9able moment chez nous.       Nous nous r\u00e9jouissons de votre visite.<\/p>\n\n<hr class=\"wp-block-separator has-alpha-channel-opacity is-style-wide\" style=\"margin-top:2.5rem;margin-bottom:1.5rem\"\/>\n\n<h3 class=\"wp-block-heading\" style=\"border-style:none;border-width:0px;border-radius:0px;padding-top:1rem;font-size:1.5rem\">D\u00e9tails de l&rsquo;\u00e9v\u00e9nement<\/h3>\n\n<h4 class=\"wp-block-heading has-text-color has-link-color wp-elements-86a20cba346b96acbb30ba7d3003d0b7\" style=\"color:#a2924f;font-size:1.13rem\">\u00c9v\u00e9nements<\/h4>\n\n<figure class=\"wp-block-table is-style-stripes\"><table class=\"has-fixed-layout\"><thead><tr><th class=\"has-text-align-left\" data-align=\"left\">JOUR<\/th><th class=\"has-text-align-left\" data-align=\"left\">TEMPS<\/th><\/tr><\/thead><tbody><tr><td class=\"has-text-align-left\" data-align=\"left\">Du jeudi au vendredi<\/td><td class=\"has-text-align-left\" data-align=\"left\">14:00-20:00 heures<\/td><\/tr><tr><td class=\"has-text-align-left\" data-align=\"left\">Samedi<\/td><td class=\"has-text-align-left\" data-align=\"left\">10:00-16:00 heures<\/td><\/tr><\/tbody><\/table><\/figure>\n\n<p><\/p>\n","protected":false},"excerpt":{"rendered":"<p>WEIN &amp; RACLETTE<br \/>Hochdorf, 07.05. au 09.05.2026 <\/p>\n","protected":false},"featured_media":1852,"parent":0,"template":"","ereignis-tags":[242],"class_list":["post-4408","veranstaltungen","type-veranstaltungen","status-publish","has-post-thumbnail","hentry","ereignis-tags-evenements"],"_links":{"self":[{"href":"https:\/\/www.mathier.com\/fr\/wp-json\/wp\/v2\/veranstaltungen\/4408","targetHints":{"allow":["GET"]}}],"collection":[{"href":"https:\/\/www.mathier.com\/fr\/wp-json\/wp\/v2\/veranstaltungen"}],"about":[{"href":"https:\/\/www.mathier.com\/fr\/wp-json\/wp\/v2\/types\/veranstaltungen"}],"wp:featuredmedia":[{"embeddable":true,"href":"https:\/\/www.mathier.com\/fr\/wp-json\/wp\/v2\/media\/1852"}],"wp:attachment":[{"href":"https:\/\/www.mathier.com\/fr\/wp-json\/wp\/v2\/media?parent=4408"}],"wp:term":[{"taxonomy":"ereignis-tags","embeddable":true,"href":"https:\/\/www.mathier.com\/fr\/wp-json\/wp\/v2\/ereignis-tags?post=4408"}],"curies":[{"name":"wp","href":"https:\/\/api.w.org\/{rel}","templated":true}]}}

Événement de retrait Hochdorf

<h2 class="wp-block-heading" style="font-size:1.75rem">Événement de ramassage avec vin et raclette</h2>

<p>Venez nous rendre visite à Hochdorf et laissez-vous accueillir par l&rsquo;hospitalité chaleureuse de la <a href="https://www.mathier.com/fr/famille-et-histoire/">famille Mathier</a> et de l&rsquo;équipe Adrian &amp; Diego Mathier. Laissez-vous séduire par l&rsquo;expertise et la passion de la famille Mathier et vivez des moments inoubliables dans notre confortable salle de dégustation. Vous aurez la possibilité de déguster et d&rsquo;acheter sur place les <a href="https://www.mathier-shop.com/fr/" rel="noopener">vins sélectionnés d&rsquo;Adrian &amp; Diego Mathier Nouveau Salquenen AG</a>, et surtout de retirer directement vos commandes des salons, aux mêmes conditions qu&rsquo;à Salquenen. Vous bénéficiez d&rsquo;un rabais de 1.00 CHF par unité pour l&rsquo;enlèvement et le paiement au comptant et d&rsquo;un rabais de quantité intéressant à partir de 36 bouteilles. Après l&rsquo;achat, une délicieuse raclette valaisanne vous sera offerte par la famille Nadia &amp; Diego Mathier. Vous avez également la possibilité d&rsquo;acheter une demi-meule de fromage à raclette au prix de CHF 65.00. Profitez de cette occasion pour déguster l&rsquo;exquise <a href="https://www.mathier-shop.com/fr/tous-les-vins" rel="noopener">diversité de nos vins</a> et passez un agréable moment chez nous.       Nous nous réjouissons de votre visite.</p>

<hr class="wp-block-separator has-alpha-channel-opacity is-style-wide" style="margin-top:2.5rem;margin-bottom:1.5rem"/>

<h3 class="wp-block-heading" style="border-style:none;border-width:0px;border-radius:0px;padding-top:1rem;font-size:1.5rem">Détails de l&rsquo;événement</h3>

<h4 class="wp-block-heading has-text-color has-link-color wp-elements-86a20cba346b96acbb30ba7d3003d0b7" style="color:#a2924f;font-size:1.13rem">Événements</h4>

<figure class="wp-block-table is-style-stripes"><table class="has-fixed-layout"><thead><tr><th class="has-text-align-left" data-align="left">JOUR</th><th class="has-text-align-left" data-align="left">TEMPS</th></tr></thead><tbody><tr><td class="has-text-align-left" data-align="left">Du jeudi au vendredi</td><td class="has-text-align-left" data-align="left">14:00-20:00 heures</td></tr><tr><td class="has-text-align-left" data-align="left">Samedi</td><td class="has-text-align-left" data-align="left">10:00-16:00 heures</td></tr></tbody></table></figure>

<p></p>
