{"id":8478,"date":"2024-08-12T16:17:44","date_gmt":"2024-08-12T14:17:44","guid":{"rendered":"https:\/\/www.mathier.com\/events\/expovina-primavera-zurich-27-03-03-04-2025\/"},"modified":"2026-03-23T10:12:43","modified_gmt":"2026-03-23T09:12:43","slug":"primavera","status":"publish","type":"veranstaltungen","link":"https:\/\/www.mathier.com\/fr\/events\/primavera\/","title":{"rendered":"Expovina Primavera Zurich"},"content":{"rendered":"\n<h2 class=\"wp-block-heading\" style=\"font-size:1.75rem\">D\u00e9gustation de grande classe &#8211; Vivez la tradition viticole valaisanne<\/h2>\n\n<p>Plongez dans le monde fascinant du vin valaisan ! Lors de la prochaine foire, nous vous inviterons \u00e0 une <a href=\"https:\/\/www.mathier.com\/fr\/degustation-de-vin-en-suisse\/\">d\u00e9gustation sp\u00e9ciale<\/a> o\u00f9 vous pourrez go\u00fbter nos vins prim\u00e9s dans une atmosph\u00e8re d\u00e9tendue. <\/p>\n\n<p>Qu&rsquo;il s&rsquo;agisse de vins blancs frais comme la Petite Arvine, l&rsquo;Heida et l&rsquo;Amigne, d&rsquo;\u00e9l\u00e9gants vins ros\u00e9s ou de vins rouges de caract\u00e8re comme la Syrah, le Cornalin et l&rsquo;Humagne Rouge, notre s\u00e9lection permet \u00e0 chacun de trouver le plaisir qui lui convient. Laissez-vous inspirer par la passion et l&rsquo;expertise de nos vignerons et apprenez-en plus sur la fabrication traditionnelle du vin en Valais.<\/p>\n\n<p>Venez nous rendre visite et vivez des moments de plaisir inoubliables. Nous nous r\u00e9jouissons de vous accueillir personnellement ! <\/p>\n\n<hr class=\"wp-block-separator has-alpha-channel-opacity\" style=\"margin-top:2.5rem;margin-bottom:1.5rem\"\/>\n\n<h3 class=\"wp-block-heading\" style=\"border-style:none;border-width:0px;border-radius:0px;padding-top:1rem;font-size:1.5rem\">D\u00e9tails de l&rsquo;\u00e9v\u00e9nement<\/h3>\n\n<h4 class=\"wp-block-heading has-text-color has-link-color wp-elements-b0f321af2818f7d06856522af8046bac\" style=\"color:#a2924f;font-size:1.13rem\">Site<\/h4>\n\n<figure class=\"wp-block-table is-style-stripes\"><table class=\"has-fixed-layout\"><thead><tr><th class=\"has-text-align-left\" data-align=\"left\">HALLE<\/th><th class=\"has-text-align-left\" data-align=\"left\">STAND<\/th><\/tr><\/thead><tbody><tr><td class=\"has-text-align-left\" data-align=\"left\">1<\/td><td class=\"has-text-align-left\" data-align=\"left\">B14 et C13<\/td><\/tr><\/tbody><\/table><\/figure>\n\n<h4 class=\"wp-block-heading has-text-color has-link-color wp-elements-9801d27bb4578d78e0c65ab6cc4ed62f\" style=\"color:#a2924f;padding-top:1rem;font-size:1.13rem\">Heures d&rsquo;ouverture<\/h4>\n\n<figure class=\"wp-block-table is-style-stripes\"><table class=\"has-fixed-layout\"><thead><tr><th class=\"has-text-align-left\" data-align=\"left\">JOUR<\/th><th class=\"has-text-align-left\" data-align=\"left\">TEMPS<\/th><\/tr><\/thead><tbody><tr><td class=\"has-text-align-left\" data-align=\"left\">Du lundi au samedi<\/td><td class=\"has-text-align-left\" data-align=\"left\">14:00-21:00 heures<\/td><\/tr><tr><td class=\"has-text-align-left\" data-align=\"left\">Dimanche<\/td><td class=\"has-text-align-left\" data-align=\"left\">12:00-18:00 heures<\/td><\/tr><\/tbody><\/table><\/figure>\n\n<p><strong>Remarque<\/strong><br\/>Les chiens ne sont pas admis dans l&rsquo;enceinte du salon. Les chiens guides d&rsquo;aveugles et les chiens d&rsquo;assistance sont exclus. <\/p>\n\n<h4 class=\"wp-block-heading has-text-color has-link-color wp-elements-7d1ea48e83ef70851349acb8369707d4\" style=\"color:#a2924f;padding-top:1rem;font-size:1.13rem\">Prix d&rsquo;entr\u00e9e<\/h4>\n\n<figure class=\"wp-block-table is-style-stripes\"><table class=\"has-fixed-layout\"><thead><tr><th class=\"has-text-align-left\" data-align=\"left\">BILLETS<\/th><th class=\"has-text-align-left\" data-align=\"left\">PRIX<\/th><\/tr><\/thead><tbody><tr><td class=\"has-text-align-left\" data-align=\"left\">Entr\u00e9e unique du dimanche au jeudi<\/td><td class=\"has-text-align-left\" data-align=\"left\">CHF 33.00<\/td><\/tr><tr><td class=\"has-text-align-left\" data-align=\"left\">Billet senior<\/td><td class=\"has-text-align-left\" data-align=\"left\">CHF 25.00<\/td><\/tr><tr><td class=\"has-text-align-left\" data-align=\"left\">Carte d&rsquo;abonnement<\/td><td class=\"has-text-align-left\" data-align=\"left\">CHF 130.00<\/td><\/tr><\/tbody><tfoot><tr><td class=\"has-text-align-left\" data-align=\"left\">TVA incluse, sous r\u00e9serve de modification des prix.<\/td><td class=\"has-text-align-left\" data-align=\"left\"><\/td><\/tr><\/tfoot><\/table><\/figure>\n\n<h4 class=\"wp-block-heading has-text-color has-link-color wp-elements-1882e49f2d5c233183d403cb6ad816af\" style=\"color:#a2924f;padding-top:1rem;font-size:1.13rem\">Arriv\u00e9e<\/h4>\n\n<p>Puls 5 est id\u00e9alement situ\u00e9, tr\u00e8s bien desservi et facile \u00e0 trouver. La place Escher-Wyss se trouve \u00e0 moins de trois minutes \u00e0 pied, les lignes de tram 4 (gare de Tiefenbrunnen &#8211; gare d&rsquo;Altstetten), 8 (Klusplatz &#8211; Hardturm), 13 (Albisg\u00fctli &#8211; Frankental) et 17 (Bahnhofplatz &#8211; Werdh\u00f6lzli) ainsi que les lignes de bus 33 + 72 + 83 se trouvent pratiquement devant la porte. La gare de Hardbr\u00fccke se trouve \u00e0 8 minutes \u00e0 pied. La gare centrale et l&rsquo;a\u00e9roport de Zurich sont \u00e0 environ 10 minutes et l&rsquo;autoroute en direction de Berne\/B\u00e2le commence juste au coin de la rue. Les transports individuels disposent de plusieurs parkings couverts, de places de stationnement et d&rsquo;un Park + Ride dans les environs imm\u00e9diats. Les locataires et les visiteurs de Puls 5 disposent de leur propre parking de 62 places publiques.     <\/p>\n\n<h4 class=\"wp-block-heading has-text-color has-link-color wp-elements-91e02f70ee370fcaae352adb6081086b\" style=\"color:#a2924f;padding-top:1rem;font-size:1.13rem\">Informations sur le programme du salon<\/h4>\n\n<p>Le vin fascine les hommes depuis plus de 8000 ans. Depuis plus de 60 ans, EXPOVINA partage cette fascination et offre, \u00e0 travers ses \u00e9v\u00e9nements, une plateforme pour les amateurs et les experts du vin. Plongez dans le monde vari\u00e9 du vin et laissez les experts en vin vous informer, vous surprendre et vous inspirer ! Vous ne trouverez jamais autant de vins diff\u00e9rents sur des bateaux qu&rsquo;\u00e0 Expovina, alors profitez-en.<\/p>\n\n<p><\/p>\n","protected":false},"excerpt":{"rendered":"<p>FOIRE DE PRINTEMPS<br \/> Zurich, 19.03. au 26.03.2026 <\/p>\n","protected":false},"featured_media":19783,"parent":0,"template":"","ereignis-tags":[244],"class_list":["post-8478","veranstaltungen","type-veranstaltungen","status-publish","has-post-thumbnail","hentry","ereignis-tags-foires-et-salons"],"_links":{"self":[{"href":"https:\/\/www.mathier.com\/fr\/wp-json\/wp\/v2\/veranstaltungen\/8478","targetHints":{"allow":["GET"]}}],"collection":[{"href":"https:\/\/www.mathier.com\/fr\/wp-json\/wp\/v2\/veranstaltungen"}],"about":[{"href":"https:\/\/www.mathier.com\/fr\/wp-json\/wp\/v2\/types\/veranstaltungen"}],"wp:featuredmedia":[{"embeddable":true,"href":"https:\/\/www.mathier.com\/fr\/wp-json\/wp\/v2\/media\/19783"}],"wp:attachment":[{"href":"https:\/\/www.mathier.com\/fr\/wp-json\/wp\/v2\/media?parent=8478"}],"wp:term":[{"taxonomy":"ereignis-tags","embeddable":true,"href":"https:\/\/www.mathier.com\/fr\/wp-json\/wp\/v2\/ereignis-tags?post=8478"}],"curies":[{"name":"wp","href":"https:\/\/api.w.org\/{rel}","templated":true}]}}

<h2 class="wp-block-heading" style="font-size:1.75rem">Dégustation de grande classe &#8211; Vivez la tradition viticole valaisanne</h2>

<p>Plongez dans le monde fascinant du vin valaisan ! Lors de la prochaine foire, nous vous inviterons à une <a href="https://www.mathier.com/fr/degustation-de-vin-en-suisse/">dégustation spéciale</a> où vous pourrez goûter nos vins primés dans une atmosphère détendue. </p>

<p>Qu&rsquo;il s&rsquo;agisse de vins blancs frais comme la Petite Arvine, l&rsquo;Heida et l&rsquo;Amigne, d&rsquo;élégants vins rosés ou de vins rouges de caractère comme la Syrah, le Cornalin et l&rsquo;Humagne Rouge, notre sélection permet à chacun de trouver le plaisir qui lui convient. Laissez-vous inspirer par la passion et l&rsquo;expertise de nos vignerons et apprenez-en plus sur la fabrication traditionnelle du vin en Valais.</p>

<p>Venez nous rendre visite et vivez des moments de plaisir inoubliables. Nous nous réjouissons de vous accueillir personnellement ! </p>

<hr class="wp-block-separator has-alpha-channel-opacity" style="margin-top:2.5rem;margin-bottom:1.5rem"/>

<h3 class="wp-block-heading" style="border-style:none;border-width:0px;border-radius:0px;padding-top:1rem;font-size:1.5rem">Détails de l&rsquo;événement</h3>

<h4 class="wp-block-heading has-text-color has-link-color wp-elements-b0f321af2818f7d06856522af8046bac" style="color:#a2924f;font-size:1.13rem">Site</h4>

<figure class="wp-block-table is-style-stripes"><table class="has-fixed-layout"><thead><tr><th class="has-text-align-left" data-align="left">HALLE</th><th class="has-text-align-left" data-align="left">STAND</th></tr></thead><tbody><tr><td class="has-text-align-left" data-align="left">1</td><td class="has-text-align-left" data-align="left">B14 et C13</td></tr></tbody></table></figure>

<h4 class="wp-block-heading has-text-color has-link-color wp-elements-9801d27bb4578d78e0c65ab6cc4ed62f" style="color:#a2924f;padding-top:1rem;font-size:1.13rem">Heures d&rsquo;ouverture</h4>

<figure class="wp-block-table is-style-stripes"><table class="has-fixed-layout"><thead><tr><th class="has-text-align-left" data-align="left">JOUR</th><th class="has-text-align-left" data-align="left">TEMPS</th></tr></thead><tbody><tr><td class="has-text-align-left" data-align="left">Du lundi au samedi</td><td class="has-text-align-left" data-align="left">14:00-21:00 heures</td></tr><tr><td class="has-text-align-left" data-align="left">Dimanche</td><td class="has-text-align-left" data-align="left">12:00-18:00 heures</td></tr></tbody></table></figure>

<p><strong>Remarque</strong><br/>Les chiens ne sont pas admis dans l&rsquo;enceinte du salon. Les chiens guides d&rsquo;aveugles et les chiens d&rsquo;assistance sont exclus. </p>

<h4 class="wp-block-heading has-text-color has-link-color wp-elements-7d1ea48e83ef70851349acb8369707d4" style="color:#a2924f;padding-top:1rem;font-size:1.13rem">Prix d&rsquo;entrée</h4>

<figure class="wp-block-table is-style-stripes"><table class="has-fixed-layout"><thead><tr><th class="has-text-align-left" data-align="left">BILLETS</th><th class="has-text-align-left" data-align="left">PRIX</th></tr></thead><tbody><tr><td class="has-text-align-left" data-align="left">Entrée unique du dimanche au jeudi</td><td class="has-text-align-left" data-align="left">CHF 33.00</td></tr><tr><td class="has-text-align-left" data-align="left">Billet senior</td><td class="has-text-align-left" data-align="left">CHF 25.00</td></tr><tr><td class="has-text-align-left" data-align="left">Carte d&rsquo;abonnement</td><td class="has-text-align-left" data-align="left">CHF 130.00</td></tr></tbody><tfoot><tr><td class="has-text-align-left" data-align="left">TVA incluse, sous réserve de modification des prix.</td><td class="has-text-align-left" data-align="left"></td></tr></tfoot></table></figure>

<h4 class="wp-block-heading has-text-color has-link-color wp-elements-1882e49f2d5c233183d403cb6ad816af" style="color:#a2924f;padding-top:1rem;font-size:1.13rem">Arrivée</h4>

<p>Puls 5 est idéalement situé, très bien desservi et facile à trouver. La place Escher-Wyss se trouve à moins de trois minutes à pied, les lignes de tram 4 (gare de Tiefenbrunnen &#8211; gare d&rsquo;Altstetten), 8 (Klusplatz &#8211; Hardturm), 13 (Albisgütli &#8211; Frankental) et 17 (Bahnhofplatz &#8211; Werdhölzli) ainsi que les lignes de bus 33 + 72 + 83 se trouvent pratiquement devant la porte. La gare de Hardbrücke se trouve à 8 minutes à pied. La gare centrale et l&rsquo;aéroport de Zurich sont à environ 10 minutes et l&rsquo;autoroute en direction de Berne/Bâle commence juste au coin de la rue. Les transports individuels disposent de plusieurs parkings couverts, de places de stationnement et d&rsquo;un Park + Ride dans les environs immédiats. Les locataires et les visiteurs de Puls 5 disposent de leur propre parking de 62 places publiques.     </p>

<h4 class="wp-block-heading has-text-color has-link-color wp-elements-91e02f70ee370fcaae352adb6081086b" style="color:#a2924f;padding-top:1rem;font-size:1.13rem">Informations sur le programme du salon</h4>

<p>Le vin fascine les hommes depuis plus de 8000 ans. Depuis plus de 60 ans, EXPOVINA partage cette fascination et offre, à travers ses événements, une plateforme pour les amateurs et les experts du vin. Plongez dans le monde varié du vin et laissez les experts en vin vous informer, vous surprendre et vous inspirer ! Vous ne trouverez jamais autant de vins différents sur des bateaux qu&rsquo;à Expovina, alors profitez-en.</p>

<p></p>
