{"id":8481,"date":"2024-08-12T11:15:02","date_gmt":"2024-08-12T09:15:02","guid":{"rendered":"https:\/\/www.mathier.com\/events\/expovina-bateau-a-vin-zurich-30-10-13-11-2025\/"},"modified":"2026-03-23T11:19:29","modified_gmt":"2026-03-23T10:19:29","slug":"expovina","status":"publish","type":"veranstaltungen","link":"https:\/\/www.mathier.com\/fr\/events\/expovina\/","title":{"rendered":"Expovina Bateau \u00e0 vin Zurich"},"content":{"rendered":"\n<h2 class=\"wp-block-heading\" style=\"font-size:1.75rem\">D\u00e9gustation de grande classe &#8211; Vivez la tradition viticole valaisanne<\/h2>\n\n<p>Plongez dans le <a href=\"https:\/\/www.mathier.com\/fr\/\">monde fascinant du vin valaisan<\/a>! Lors de la prochaine foire, nous vous inviterons \u00e0 une d\u00e9gustation sp\u00e9ciale o\u00f9 vous pourrez go\u00fbter <a href=\"https:\/\/www.mathier-shop.com\/fr\/\" rel=\"noopener\">nos vins prim\u00e9s<\/a> dans une atmosph\u00e8re d\u00e9tendue.<\/p>\n\n<p>Qu&rsquo;il s&rsquo;agisse de vins blancs frais comme la Petite Arvine, l&rsquo;Heida et l&rsquo;Amigne, d&rsquo;\u00e9l\u00e9gants vins ros\u00e9s ou de vins rouges de caract\u00e8re comme la Syrah, le Cornalin et l&rsquo;Humagne Rouge, notre s\u00e9lection permet \u00e0 chacun de trouver le plaisir qui lui convient. Laissez-vous inspirer par la passion et l&rsquo;expertise de nos vignerons et apprenez-en plus sur la fabrication traditionnelle du vin en Valais.<\/p>\n\n<p>Venez nous rendre visite et vivez des moments de plaisir inoubliables. Nous nous r\u00e9jouissons de vous accueillir personnellement ! <\/p>\n\n<hr class=\"wp-block-separator has-alpha-channel-opacity is-style-wide\" style=\"margin-top:2.5rem;margin-bottom:1.5rem\"\/>\n\n<h3 class=\"wp-block-heading\" style=\"padding-top:1rem;font-size:1.5rem\">D\u00e9tails de l&rsquo;\u00e9v\u00e9nement<\/h3>\n\n<h4 class=\"wp-block-heading has-text-color has-link-color wp-elements-b0f321af2818f7d06856522af8046bac\" style=\"color:#a2924f;font-size:1.13rem\">Site<\/h4>\n\n<figure class=\"wp-block-table is-style-stripes\"><table class=\"has-fixed-layout\"><thead><tr><th class=\"has-text-align-left\" data-align=\"left\">HALLE<\/th><th class=\"has-text-align-left\" data-align=\"left\">STAND<\/th><\/tr><\/thead><tbody><tr><td class=\"has-text-align-left\" data-align=\"left\">Pont principal<\/td><td class=\"has-text-align-left\" data-align=\"left\">303<\/td><\/tr><\/tbody><\/table><\/figure>\n\n<h4 class=\"wp-block-heading has-text-color has-link-color wp-elements-4800960ebff3e2cfce26069d31121497\" style=\"color:#a2924f;padding-top:1rem;font-size:1.13rem\">Heures d&rsquo;ouverture  <strong><em>(<strong><em>Bateau \u00e0 vin<\/em><\/strong>)<\/em><\/strong><\/h4>\n\n<figure class=\"wp-block-table is-style-stripes\"><table class=\"has-fixed-layout\"><thead><tr><th class=\"has-text-align-left\" data-align=\"left\">JOUR<\/th><th class=\"has-text-align-left\" data-align=\"left\">TEMPS<\/th><\/tr><\/thead><tbody><tr><td class=\"has-text-align-left\" data-align=\"left\">Du lundi au samedi<\/td><td class=\"has-text-align-left\" data-align=\"left\">14:00-21:00 heures<\/td><\/tr><tr><td class=\"has-text-align-left\" data-align=\"left\">Dimanche<\/td><td class=\"has-text-align-left\" data-align=\"left\">12:00-19:00 heures<\/td><\/tr><tr><td class=\"has-text-align-left\" data-align=\"left\">Dernier jour : 12.11<\/td><td class=\"has-text-align-left\" data-align=\"left\">jusqu&rsquo;\u00e0 20:00 heures<\/td><\/tr><\/tbody><\/table><figcaption class=\"wp-element-caption\">Fermeture de la caisse : 30 minutes avant la fermeture du salon<\/figcaption><\/figure>\n\n<h4 class=\"wp-block-heading has-text-color has-link-color wp-elements-d320011135346819700d98ca9729da24\" style=\"color:#a2924f;padding-top:1rem;font-size:1.13rem\">Heures d&rsquo;ouverture  <em><strong>(<strong><em><strong><strong>Bateaux gastronomiques<\/strong><\/strong><\/em><\/strong>)<\/strong><\/em><\/h4>\n\n<figure class=\"wp-block-table is-style-stripes\"><table class=\"has-fixed-layout\"><thead><tr><th class=\"has-text-align-left\" data-align=\"left\">JOUR<\/th><th class=\"has-text-align-left\" data-align=\"left\">TEMPS<\/th><\/tr><\/thead><tbody><tr><td class=\"has-text-align-left\" data-align=\"left\">Du lundi au samedi<\/td><td class=\"has-text-align-left\" data-align=\"left\">12:00-24:00 heures<\/td><\/tr><tr><td class=\"has-text-align-left\" data-align=\"left\">Dimanche<\/td><td class=\"has-text-align-left\" data-align=\"left\">12:00-22:00 heures<\/td><\/tr><\/tbody><tfoot><tr><td class=\"has-text-align-left\" data-align=\"left\">Fermeture des caisses : 30 minutes avant la fermeture du salon  <\/td><td class=\"has-text-align-left\" data-align=\"left\"><\/td><\/tr><\/tfoot><\/table><\/figure>\n\n<h4 class=\"wp-block-heading has-text-color has-link-color wp-elements-4076ba0d48f993f67123965430f90900\" style=\"color:#a2924f;padding-top:1rem;font-size:1.13rem\">Heures d&rsquo;ouverture  <em><strong>(<strong><em><strong><strong><em><strong><strong><strong>Pierfood<\/strong><\/strong><\/strong><\/em><\/strong><\/strong><\/em><\/strong>)<\/strong><\/em><\/h4>\n\n<figure class=\"wp-block-table is-style-stripes\"><table class=\"has-fixed-layout\"><thead><tr><th class=\"has-text-align-left\" data-align=\"left\">JOUR<\/th><th class=\"has-text-align-left\" data-align=\"left\">TEMPS<\/th><\/tr><\/thead><tbody><tr><td class=\"has-text-align-left\" data-align=\"left\">Du lundi au samedi<\/td><td class=\"has-text-align-left\" data-align=\"left\">14:00-22:00 heures<\/td><\/tr><tr><td class=\"has-text-align-left\" data-align=\"left\">Dimanche<\/td><td class=\"has-text-align-left\" data-align=\"left\">12:00-19:00 heures<\/td><\/tr><\/tbody><tfoot><tr><td class=\"has-text-align-left\" data-align=\"left\">Fermeture de la caisse : 30 minutes avant la fermeture du salon<\/td><td class=\"has-text-align-left\" data-align=\"left\"><\/td><\/tr><\/tfoot><\/table><\/figure>\n\n<h4 class=\"wp-block-heading has-text-color has-link-color wp-elements-7d1ea48e83ef70851349acb8369707d4\" style=\"color:#a2924f;padding-top:1rem;font-size:1.13rem\">Prix d&rsquo;entr\u00e9e<\/h4>\n\n<figure class=\"wp-block-table is-style-stripes\"><table class=\"has-fixed-layout\"><thead><tr><th class=\"has-text-align-left\" data-align=\"left\">BILLETS<\/th><th class=\"has-text-align-left\" data-align=\"left\">PRIX<\/th><\/tr><\/thead><tbody><tr><td class=\"has-text-align-left\" data-align=\"left\">Du dimanche au jeudi<\/td><td class=\"has-text-align-left\" data-align=\"left\">CHF 30.00 \u00e0 CHF 36.00<\/td><\/tr><tr><td class=\"has-text-align-left\" data-align=\"left\">Du vendredi au samedi<\/td><td class=\"has-text-align-left\" data-align=\"left\">CHF 38.00 \u00e0 CHF 42.00<\/td><\/tr><\/tbody><tfoot><tr><td class=\"has-text-align-left\" data-align=\"left\">TVA incluse, sous r\u00e9serve de modification des prix.<\/td><td class=\"has-text-align-left\" data-align=\"left\"><\/td><\/tr><\/tfoot><\/table><\/figure>\n\n<h4 class=\"wp-block-heading has-text-color has-link-color wp-elements-1882e49f2d5c233183d403cb6ad816af\" style=\"color:#a2924f;padding-top:1rem;font-size:1.13rem\">Arriv\u00e9e<\/h4>\n\n<p><strong>Voiture<\/strong><br\/>Seules quelques places de parking sont disponibles \u00e0 proximit\u00e9, dans le Parking Hyatt<\/p>\n\n<p><strong>Transports publics<\/strong><br\/>Il est recommand\u00e9 de venir en transports publics.<br\/>Le tram 11 au d\u00e9part de la gare vous am\u00e8ne directement \u00e0 la B\u00fcrkiplatz.<\/p>\n\n<h4 class=\"wp-block-heading has-text-color has-link-color wp-elements-91e02f70ee370fcaae352adb6081086b\" style=\"color:#a2924f;padding-top:1rem;font-size:1.13rem\">Informations sur le programme du salon<\/h4>\n\n<p>Le vin fascine les hommes depuis plus de 8000 ans. Depuis plus de 60 ans, EXPOVINA partage cette fascination et offre, \u00e0 travers ses \u00e9v\u00e9nements, une plateforme pour les personnes int\u00e9ress\u00e9es par le vin et les experts en vin. Plongez dans le monde vari\u00e9 du vin et laissez les experts en vin vous informer, vous surprendre et vous inspirer ! Vous ne trouverez jamais autant de vins diff\u00e9rents sur des bateaux que lors d&rsquo;EXPOVINA, c&rsquo;est pourquoi vous en profitez.   <\/p>\n\n<p><\/p>\n","protected":false},"excerpt":{"rendered":"<p>FOIRE D&rsquo;AUTOMNE<br \/>Zurich, du 29.10. au 12.11.2026 <\/p>\n","protected":false},"featured_media":14712,"parent":0,"template":"","ereignis-tags":[244],"class_list":["post-8481","veranstaltungen","type-veranstaltungen","status-publish","has-post-thumbnail","hentry","ereignis-tags-foires-et-salons"],"_links":{"self":[{"href":"https:\/\/www.mathier.com\/fr\/wp-json\/wp\/v2\/veranstaltungen\/8481","targetHints":{"allow":["GET"]}}],"collection":[{"href":"https:\/\/www.mathier.com\/fr\/wp-json\/wp\/v2\/veranstaltungen"}],"about":[{"href":"https:\/\/www.mathier.com\/fr\/wp-json\/wp\/v2\/types\/veranstaltungen"}],"wp:featuredmedia":[{"embeddable":true,"href":"https:\/\/www.mathier.com\/fr\/wp-json\/wp\/v2\/media\/14712"}],"wp:attachment":[{"href":"https:\/\/www.mathier.com\/fr\/wp-json\/wp\/v2\/media?parent=8481"}],"wp:term":[{"taxonomy":"ereignis-tags","embeddable":true,"href":"https:\/\/www.mathier.com\/fr\/wp-json\/wp\/v2\/ereignis-tags?post=8481"}],"curies":[{"name":"wp","href":"https:\/\/api.w.org\/{rel}","templated":true}]}}

Expovina Bateau à vin Zurich

<h2 class="wp-block-heading" style="font-size:1.75rem">Dégustation de grande classe &#8211; Vivez la tradition viticole valaisanne</h2>

<p>Plongez dans le <a href="https://www.mathier.com/fr/">monde fascinant du vin valaisan</a>! Lors de la prochaine foire, nous vous inviterons à une dégustation spéciale où vous pourrez goûter <a href="https://www.mathier-shop.com/fr/" rel="noopener">nos vins primés</a> dans une atmosphère détendue.</p>

<p>Qu&rsquo;il s&rsquo;agisse de vins blancs frais comme la Petite Arvine, l&rsquo;Heida et l&rsquo;Amigne, d&rsquo;élégants vins rosés ou de vins rouges de caractère comme la Syrah, le Cornalin et l&rsquo;Humagne Rouge, notre sélection permet à chacun de trouver le plaisir qui lui convient. Laissez-vous inspirer par la passion et l&rsquo;expertise de nos vignerons et apprenez-en plus sur la fabrication traditionnelle du vin en Valais.</p>

<p>Venez nous rendre visite et vivez des moments de plaisir inoubliables. Nous nous réjouissons de vous accueillir personnellement ! </p>

<hr class="wp-block-separator has-alpha-channel-opacity is-style-wide" style="margin-top:2.5rem;margin-bottom:1.5rem"/>

<h3 class="wp-block-heading" style="padding-top:1rem;font-size:1.5rem">Détails de l&rsquo;événement</h3>

<h4 class="wp-block-heading has-text-color has-link-color wp-elements-b0f321af2818f7d06856522af8046bac" style="color:#a2924f;font-size:1.13rem">Site</h4>

<figure class="wp-block-table is-style-stripes"><table class="has-fixed-layout"><thead><tr><th class="has-text-align-left" data-align="left">HALLE</th><th class="has-text-align-left" data-align="left">STAND</th></tr></thead><tbody><tr><td class="has-text-align-left" data-align="left">Pont principal</td><td class="has-text-align-left" data-align="left">303</td></tr></tbody></table></figure>

<h4 class="wp-block-heading has-text-color has-link-color wp-elements-4800960ebff3e2cfce26069d31121497" style="color:#a2924f;padding-top:1rem;font-size:1.13rem">Heures d&rsquo;ouverture  <strong><em>(<strong><em>Bateau à vin</em></strong>)</em></strong></h4>

<figure class="wp-block-table is-style-stripes"><table class="has-fixed-layout"><thead><tr><th class="has-text-align-left" data-align="left">JOUR</th><th class="has-text-align-left" data-align="left">TEMPS</th></tr></thead><tbody><tr><td class="has-text-align-left" data-align="left">Du lundi au samedi</td><td class="has-text-align-left" data-align="left">14:00-21:00 heures</td></tr><tr><td class="has-text-align-left" data-align="left">Dimanche</td><td class="has-text-align-left" data-align="left">12:00-19:00 heures</td></tr><tr><td class="has-text-align-left" data-align="left">Dernier jour : 12.11</td><td class="has-text-align-left" data-align="left">jusqu&rsquo;à 20:00 heures</td></tr></tbody></table><figcaption class="wp-element-caption">Fermeture de la caisse : 30 minutes avant la fermeture du salon</figcaption></figure>

<h4 class="wp-block-heading has-text-color has-link-color wp-elements-d320011135346819700d98ca9729da24" style="color:#a2924f;padding-top:1rem;font-size:1.13rem">Heures d&rsquo;ouverture  <em><strong>(<strong><em><strong><strong>Bateaux gastronomiques</strong></strong></em></strong>)</strong></em></h4>

<figure class="wp-block-table is-style-stripes"><table class="has-fixed-layout"><thead><tr><th class="has-text-align-left" data-align="left">JOUR</th><th class="has-text-align-left" data-align="left">TEMPS</th></tr></thead><tbody><tr><td class="has-text-align-left" data-align="left">Du lundi au samedi</td><td class="has-text-align-left" data-align="left">12:00-24:00 heures</td></tr><tr><td class="has-text-align-left" data-align="left">Dimanche</td><td class="has-text-align-left" data-align="left">12:00-22:00 heures</td></tr></tbody><tfoot><tr><td class="has-text-align-left" data-align="left">Fermeture des caisses : 30 minutes avant la fermeture du salon  </td><td class="has-text-align-left" data-align="left"></td></tr></tfoot></table></figure>

<h4 class="wp-block-heading has-text-color has-link-color wp-elements-4076ba0d48f993f67123965430f90900" style="color:#a2924f;padding-top:1rem;font-size:1.13rem">Heures d&rsquo;ouverture  <em><strong>(<strong><em><strong><strong><em><strong><strong><strong>Pierfood</strong></strong></strong></em></strong></strong></em></strong>)</strong></em></h4>

<figure class="wp-block-table is-style-stripes"><table class="has-fixed-layout"><thead><tr><th class="has-text-align-left" data-align="left">JOUR</th><th class="has-text-align-left" data-align="left">TEMPS</th></tr></thead><tbody><tr><td class="has-text-align-left" data-align="left">Du lundi au samedi</td><td class="has-text-align-left" data-align="left">14:00-22:00 heures</td></tr><tr><td class="has-text-align-left" data-align="left">Dimanche</td><td class="has-text-align-left" data-align="left">12:00-19:00 heures</td></tr></tbody><tfoot><tr><td class="has-text-align-left" data-align="left">Fermeture de la caisse : 30 minutes avant la fermeture du salon</td><td class="has-text-align-left" data-align="left"></td></tr></tfoot></table></figure>

<h4 class="wp-block-heading has-text-color has-link-color wp-elements-7d1ea48e83ef70851349acb8369707d4" style="color:#a2924f;padding-top:1rem;font-size:1.13rem">Prix d&rsquo;entrée</h4>

<figure class="wp-block-table is-style-stripes"><table class="has-fixed-layout"><thead><tr><th class="has-text-align-left" data-align="left">BILLETS</th><th class="has-text-align-left" data-align="left">PRIX</th></tr></thead><tbody><tr><td class="has-text-align-left" data-align="left">Du dimanche au jeudi</td><td class="has-text-align-left" data-align="left">CHF 30.00 à CHF 36.00</td></tr><tr><td class="has-text-align-left" data-align="left">Du vendredi au samedi</td><td class="has-text-align-left" data-align="left">CHF 38.00 à CHF 42.00</td></tr></tbody><tfoot><tr><td class="has-text-align-left" data-align="left">TVA incluse, sous réserve de modification des prix.</td><td class="has-text-align-left" data-align="left"></td></tr></tfoot></table></figure>

<h4 class="wp-block-heading has-text-color has-link-color wp-elements-1882e49f2d5c233183d403cb6ad816af" style="color:#a2924f;padding-top:1rem;font-size:1.13rem">Arrivée</h4>

<p><strong>Voiture</strong><br/>Seules quelques places de parking sont disponibles à proximité, dans le Parking Hyatt</p>

<p><strong>Transports publics</strong><br/>Il est recommandé de venir en transports publics.<br/>Le tram 11 au départ de la gare vous amène directement à la Bürkiplatz.</p>

<h4 class="wp-block-heading has-text-color has-link-color wp-elements-91e02f70ee370fcaae352adb6081086b" style="color:#a2924f;padding-top:1rem;font-size:1.13rem">Informations sur le programme du salon</h4>

<p>Le vin fascine les hommes depuis plus de 8000 ans. Depuis plus de 60 ans, EXPOVINA partage cette fascination et offre, à travers ses événements, une plateforme pour les personnes intéressées par le vin et les experts en vin. Plongez dans le monde varié du vin et laissez les experts en vin vous informer, vous surprendre et vous inspirer ! Vous ne trouverez jamais autant de vins différents sur des bateaux que lors d&rsquo;EXPOVINA, c&rsquo;est pourquoi vous en profitez.   </p>

<p></p>
