{"id":8543,"date":"2024-08-14T17:01:09","date_gmt":"2024-08-14T15:01:09","guid":{"rendered":"https:\/\/www.mathier.com\/events\/caves-ouvertes\/"},"modified":"2026-02-19T08:12:57","modified_gmt":"2026-02-19T07:12:57","slug":"caves-ouvertes","status":"publish","type":"veranstaltungen","link":"https:\/\/www.mathier.com\/fr\/events\/caves-ouvertes\/","title":{"rendered":"Caves ouvertes"},"content":{"rendered":"\n<h2 class=\"wp-block-heading\" style=\"font-size:1.75rem\">Caves ouvertes en Valais<\/h2>\n\n<p>Le week-end de l&rsquo;Ascension, <strong>du 14 au 16 mai 2026 <\/strong>, les portes des caves valaisannes seront traditionnellement ouvertes. Profitez d&rsquo;une <a href=\"https:\/\/www.mathier.com\/fr\/degustation-de-vin-en-suisse\/\">d\u00e9gustation de vin avec vos amis, vos connaissances et votre famille<\/a>. L&rsquo;occasion parfaite pour d\u00e9couvrir la diversit\u00e9 des vins valaisans et la culture viticole valaisanne.  <\/p>\n\n<p>Plus de 50 <a href=\"https:\/\/www.mathier-shop.com\/fr\/tous-les-vins\" rel=\"noopener\">vins diff\u00e9rents issus des meilleurs terroirs AOC du Valais<\/a> vous attendent chez Adrian &amp; Diego Mathier Nouveau Salquenen, triple meilleur domaine viticole suisse de l&rsquo;ann\u00e9e. Le large assortiment de vins rouges, blancs, ros\u00e9s, mousseux et distill\u00e9s, provenant de la r\u00e9gion la plus ensoleill\u00e9e du Valais, est connu et appr\u00e9ci\u00e9 bien au-del\u00e0 des fronti\u00e8res du Valais. <\/p>\n\n<p>Combinez cette excursion savoureuse avec une randonn\u00e9e dans les vignobles de Salquenen, dans un paysage \u00e0 couper le souffle. Ou prolongez votre excursion par une petite pause au BnB Vino Veritas, \u00e0 proximit\u00e9 imm\u00e9diate du parc naturel de Pfyn Finges. Profitez de la diversit\u00e9 des activit\u00e9s de loisirs au centre g\u00e9ographique du Valais. Il n&rsquo;y a pas de limites aux vacances actives, aux vacances bien-\u00eatre ou aux vacances d&rsquo;aventure. La famille Mathier, laur\u00e9ate du <strong>Global Winner &#8211; Best of Wine Tourism 2022<\/strong>, se r\u00e9jouit de votre visite. De plus, au restaurant Barrique, vous pourrez d\u00e9guster une cuisine valaisanne traditionnelle comme la raclette \u00e0 discr\u00e9tion, la fondue \u00e0 la viande du vigneron ou une riche assiette valaisanne.     <\/p>\n\n<p>Plongez dans le monde des vins valaisans pendant l&rsquo;Ascension, nous nous r\u00e9jouissons de vous accueillir lors des Journ\u00e9es Caves Ouvertes du <strong>14 au 16 mai 2026.<\/strong><\/p>\n\n<hr class=\"wp-block-separator has-alpha-channel-opacity is-style-wide\" style=\"margin-top:2.5rem;margin-bottom:1.5rem\"\/>\n\n<h3 class=\"wp-block-heading\" style=\"border-style:none;border-width:0px;border-radius:0px;padding-top:1rem;font-size:1.5rem\">D\u00e9tails de l&rsquo;\u00e9v\u00e9nement<\/h3>\n\n<h4 class=\"wp-block-heading has-text-color has-link-color wp-elements-86a20cba346b96acbb30ba7d3003d0b7\" style=\"color:#a2924f;font-size:1.13rem\">\u00c9v\u00e9nements<\/h4>\n\n<figure class=\"wp-block-table is-style-stripes\"><table class=\"has-fixed-layout\"><thead><tr><th class=\"has-text-align-left\" data-align=\"left\">JOUR<\/th><th class=\"has-text-align-left\" data-align=\"left\">TEMPS<\/th><\/tr><\/thead><tbody><tr><td class=\"has-text-align-left\" data-align=\"left\">Jeudi et vendredi<\/td><td class=\"has-text-align-left\" data-align=\"left\">08:00-18:00 heures<\/td><\/tr><tr><td class=\"has-text-align-left\" data-align=\"left\">Samedi<\/td><td class=\"has-text-align-left\" data-align=\"left\">09:00-18:00 heures<\/td><\/tr><\/tbody><\/table><\/figure>\n\n<p><\/p>\n","protected":false},"excerpt":{"rendered":"<p>BOUCHES OUVERTES<br \/>Salquenen, 14.05. au 16.05.2026 <\/p>\n","protected":false},"featured_media":1860,"parent":0,"template":"","ereignis-tags":[242],"class_list":["post-8543","veranstaltungen","type-veranstaltungen","status-publish","has-post-thumbnail","hentry","ereignis-tags-evenements"],"_links":{"self":[{"href":"https:\/\/www.mathier.com\/fr\/wp-json\/wp\/v2\/veranstaltungen\/8543","targetHints":{"allow":["GET"]}}],"collection":[{"href":"https:\/\/www.mathier.com\/fr\/wp-json\/wp\/v2\/veranstaltungen"}],"about":[{"href":"https:\/\/www.mathier.com\/fr\/wp-json\/wp\/v2\/types\/veranstaltungen"}],"wp:featuredmedia":[{"embeddable":true,"href":"https:\/\/www.mathier.com\/fr\/wp-json\/wp\/v2\/media\/1860"}],"wp:attachment":[{"href":"https:\/\/www.mathier.com\/fr\/wp-json\/wp\/v2\/media?parent=8543"}],"wp:term":[{"taxonomy":"ereignis-tags","embeddable":true,"href":"https:\/\/www.mathier.com\/fr\/wp-json\/wp\/v2\/ereignis-tags?post=8543"}],"curies":[{"name":"wp","href":"https:\/\/api.w.org\/{rel}","templated":true}]}}

<h2 class="wp-block-heading" style="font-size:1.75rem">Caves ouvertes en Valais</h2>

<p>Le week-end de l&rsquo;Ascension, <strong>du 14 au 16 mai 2026 </strong>, les portes des caves valaisannes seront traditionnellement ouvertes. Profitez d&rsquo;une <a href="https://www.mathier.com/fr/degustation-de-vin-en-suisse/">dégustation de vin avec vos amis, vos connaissances et votre famille</a>. L&rsquo;occasion parfaite pour découvrir la diversité des vins valaisans et la culture viticole valaisanne.  </p>

<p>Plus de 50 <a href="https://www.mathier-shop.com/fr/tous-les-vins" rel="noopener">vins différents issus des meilleurs terroirs AOC du Valais</a> vous attendent chez Adrian &amp; Diego Mathier Nouveau Salquenen, triple meilleur domaine viticole suisse de l&rsquo;année. Le large assortiment de vins rouges, blancs, rosés, mousseux et distillés, provenant de la région la plus ensoleillée du Valais, est connu et apprécié bien au-delà des frontières du Valais. </p>

<p>Combinez cette excursion savoureuse avec une randonnée dans les vignobles de Salquenen, dans un paysage à couper le souffle. Ou prolongez votre excursion par une petite pause au BnB Vino Veritas, à proximité immédiate du parc naturel de Pfyn Finges. Profitez de la diversité des activités de loisirs au centre géographique du Valais. Il n&rsquo;y a pas de limites aux vacances actives, aux vacances bien-être ou aux vacances d&rsquo;aventure. La famille Mathier, lauréate du <strong>Global Winner &#8211; Best of Wine Tourism 2022</strong>, se réjouit de votre visite. De plus, au restaurant Barrique, vous pourrez déguster une cuisine valaisanne traditionnelle comme la raclette à discrétion, la fondue à la viande du vigneron ou une riche assiette valaisanne.     </p>

<p>Plongez dans le monde des vins valaisans pendant l&rsquo;Ascension, nous nous réjouissons de vous accueillir lors des Journées Caves Ouvertes du <strong>14 au 16 mai 2026.</strong></p>

<hr class="wp-block-separator has-alpha-channel-opacity is-style-wide" style="margin-top:2.5rem;margin-bottom:1.5rem"/>

<h3 class="wp-block-heading" style="border-style:none;border-width:0px;border-radius:0px;padding-top:1rem;font-size:1.5rem">Détails de l&rsquo;événement</h3>

<h4 class="wp-block-heading has-text-color has-link-color wp-elements-86a20cba346b96acbb30ba7d3003d0b7" style="color:#a2924f;font-size:1.13rem">Événements</h4>

<figure class="wp-block-table is-style-stripes"><table class="has-fixed-layout"><thead><tr><th class="has-text-align-left" data-align="left">JOUR</th><th class="has-text-align-left" data-align="left">TEMPS</th></tr></thead><tbody><tr><td class="has-text-align-left" data-align="left">Jeudi et vendredi</td><td class="has-text-align-left" data-align="left">08:00-18:00 heures</td></tr><tr><td class="has-text-align-left" data-align="left">Samedi</td><td class="has-text-align-left" data-align="left">09:00-18:00 heures</td></tr></tbody></table></figure>

<p></p>
