{"id":8555,"date":"2024-08-05T15:23:00","date_gmt":"2024-08-05T13:23:00","guid":{"rendered":"https:\/\/www.mathier.com\/events\/olma-saint-gall-09-10-19-10-2025\/"},"modified":"2026-03-23T10:51:51","modified_gmt":"2026-03-23T09:51:51","slug":"olma","status":"publish","type":"veranstaltungen","link":"https:\/\/www.mathier.com\/fr\/events\/olma\/","title":{"rendered":"OLMA Saint-Gall"},"content":{"rendered":"\n<h2 class=\"wp-block-heading\" style=\"font-size:1.75rem\">D\u00e9gustation de grande classe &#8211; Vivez la tradition viticole valaisanne<\/h2>\n\n<p>Plongez dans l&rsquo;univers fascinant du vin valaisan ! Lors du prochain salon, nous vous invitons \u00e0 une <br\/><a href=\"https:\/\/www.mathier.com\/fr\/degustation-de-vin-en-suisse\/\">d\u00e9gustation <\/a>sp\u00e9ciale o\u00f9 vous pourrez d\u00e9couvrir <a href=\"https:\/\/www.mathier-shop.com\/fr\/\" rel=\"noopener\">nos vins prim\u00e9s<\/a> dans une ambiance d\u00e9tendue. <\/p>\n\n<p>Qu&rsquo;il s&rsquo;agisse de vins blancs frais comme la Petite Arvine, l&rsquo;Heida et l&rsquo;Amigne, d&rsquo;\u00e9l\u00e9gants vins ros\u00e9s ou de vins rouges de caract\u00e8re comme la Syrah, le Cornalin et l&rsquo;Humagne Rouge, notre s\u00e9lection offre des plaisirs pour tous les go\u00fbts. Laissez-vous inspirer par la passion et l&rsquo;expertise de nos vignerons et apprenez-en plus sur la fabrication traditionnelle du vin en Valais. <\/p>\n\n<p>Venez nous rendre visite et vivez des moments de plaisir inoubliables. Nous nous r\u00e9jouissons de vous accueillir personnellement ! <\/p>\n\n<hr class=\"wp-block-separator has-alpha-channel-opacity is-style-wide\" style=\"margin-top:2.5rem;margin-bottom:1.5rem\"\/>\n\n<h3 class=\"wp-block-heading\" style=\"border-style:none;border-width:0px;border-radius:0px;padding-top:1rem;font-size:1.5rem\">D\u00e9tails de l&rsquo;\u00e9v\u00e9nement<\/h3>\n\n<h4 class=\"wp-block-heading has-text-color has-link-color wp-elements-b0f321af2818f7d06856522af8046bac\" style=\"color:#a2924f;font-size:1.13rem\">Site<\/h4>\n\n<figure class=\"wp-block-table is-style-stripes\"><table class=\"has-fixed-layout\"><thead><tr><th class=\"has-text-align-left\" data-align=\"left\">HALLE<\/th><th class=\"has-text-align-left\" data-align=\"left\">STAND<\/th><\/tr><\/thead><tbody><tr><td class=\"has-text-align-left\" data-align=\"left\">4<\/td><td class=\"has-text-align-left\" data-align=\"left\">4.0.13<\/td><\/tr><\/tbody><\/table><\/figure>\n\n<h4 class=\"wp-block-heading has-text-color has-link-color wp-elements-e3758d4cfe7e88a9887737604cf0489a\" style=\"color:#a2924f;padding-top:1rem;font-size:1.13rem\">Heures d&rsquo;ouverture <strong>(halls de d\u00e9gustation 4 et 5)<\/strong><\/h4>\n\n<figure class=\"wp-block-table is-style-stripes\"><table class=\"has-fixed-layout\"><thead><tr><th class=\"has-text-align-left\" data-align=\"left\">JOUR<\/th><th class=\"has-text-align-left\" data-align=\"left\">TEMPS<\/th><\/tr><\/thead><tbody><tr><td class=\"has-text-align-left\" data-align=\"left\">Du jeudi au samedi<\/td><td class=\"has-text-align-left\" data-align=\"left\">10:30-19:00 heures<\/td><\/tr><tr><td class=\"has-text-align-left\" data-align=\"left\">Dimanche<\/td><td class=\"has-text-align-left\" data-align=\"left\">10:30-18:00 heures<\/td><\/tr><\/tbody><tfoot><tr><td class=\"has-text-align-left\" data-align=\"left\">Veuillez noter que l&rsquo;acc\u00e8s est limit\u00e9 aux heures de pointe.<\/td><td class=\"has-text-align-left\" data-align=\"left\"><\/td><\/tr><\/tfoot><\/table><\/figure>\n\n<hr class=\"wp-block-separator has-alpha-channel-opacity\"\/>\n\n<h4 class=\"wp-block-heading has-text-color has-link-color wp-elements-de470c917cd41c6bf6cccdecf94c8f80\" style=\"color:#a2924f;padding-top:1rem;font-size:1.13rem\">Heures d&rsquo;ouverture  <strong><strong>(salon<\/strong>)<\/strong><\/h4>\n\n<figure class=\"wp-block-table is-style-stripes\"><table class=\"has-fixed-layout\"><thead><tr><th class=\"has-text-align-left\" data-align=\"left\">JOUR<\/th><th class=\"has-text-align-left\" data-align=\"left\">TEMPS<\/th><\/tr><\/thead><tbody><tr><td class=\"has-text-align-left\" data-align=\"left\">Du jeudi au dimanche<\/td><td class=\"has-text-align-left\" data-align=\"left\">09:00-18:00 heures<\/td><\/tr><\/tbody><tfoot><tr><td class=\"has-text-align-left\" data-align=\"left\">Veuillez noter que l&rsquo;acc\u00e8s est limit\u00e9 aux heures de pointe.<\/td><td class=\"has-text-align-left\" data-align=\"left\"><\/td><\/tr><\/tfoot><\/table><\/figure>\n\n<h4 class=\"wp-block-heading has-text-color has-link-color wp-elements-7d1ea48e83ef70851349acb8369707d4\" style=\"color:#a2924f;padding-top:1rem;font-size:1.13rem\">Prix d&rsquo;entr\u00e9e<\/h4>\n\n<figure class=\"wp-block-table is-style-stripes\"><table class=\"has-fixed-layout\"><thead><tr><th class=\"has-text-align-left\" data-align=\"left\">BILLETS<\/th><th class=\"has-text-align-left\" data-align=\"left\">PRIX<\/th><\/tr><\/thead><tbody><tr><td class=\"has-text-align-left\" data-align=\"left\">Adultes <em>(carte journali\u00e8re)<\/em><\/td><td class=\"has-text-align-left\" data-align=\"left\">CHF 18.00<\/td><\/tr><tr><td class=\"has-text-align-left\" data-align=\"left\">Adultes <em>(carte journali\u00e8re en ligne)<\/em><\/td><td class=\"has-text-align-left\" data-align=\"left\">CHF 17.00<\/td><\/tr><tr><td class=\"has-text-align-left\" data-align=\"left\">Apprenants, \u00e9tudiants, b\u00e9n\u00e9ficiaires de l&rsquo;AI<\/td><td class=\"has-text-align-left\" data-align=\"left\">CHF 13.00 *<\/td><\/tr><tr><td class=\"has-text-align-left\" data-align=\"left\">Enfants et jeunes de 6 \u00e0 15 ans<\/td><td class=\"has-text-align-left\" data-align=\"left\">CHF 10.00  <\/td><\/tr><tr><td class=\"has-text-align-left\" data-align=\"left\">Carte journali\u00e8re familiale :  <br\/><em>1 \u00e0 2 adultes et <br\/>max. 4 jeunes de 6 \u00e0 15 ans <\/em><\/td><td class=\"has-text-align-left\" data-align=\"left\">CHF 46.00 *<\/td><\/tr><tr><td class=\"has-text-align-left\" data-align=\"left\">Carte de soir\u00e9e (entr\u00e9e unique \u00e0 partir de 17h00)<\/td><td class=\"has-text-align-left\" data-align=\"left\">CHF 11.00<\/td><\/tr><tr><td class=\"has-text-align-left\" data-align=\"left\">Carte d&rsquo;abonnement adulte<\/td><td class=\"has-text-align-left\" data-align=\"left\">CHF 49.00 **<\/td><\/tr><tr><td class=\"has-text-align-left\" data-align=\"left\">Carte permanente pour les jeunes de 6 \u00e0 15 ans, les apprentis, les \u00e9tudiants, les b\u00e9n\u00e9ficiaires de l&rsquo;AVS et de l&rsquo;AI<\/td><td class=\"has-text-align-left\" data-align=\"left\">CHF 30.00 **<\/td><\/tr><\/tbody><tfoot><tr><td class=\"has-text-align-left\" data-align=\"left\">Le billet donne droit \u00e0 l&rsquo;entr\u00e9e n&rsquo;importe quel jour de la foire pendant l&rsquo;OLMA.<\/td><td class=\"has-text-align-left\" data-align=\"left\"><\/td><\/tr><\/tfoot><\/table><figcaption class=\"wp-element-caption\">* Disponible uniquement aux caisses de la foire sur place<br\/>** Disponible uniquement aux caisses de la foire et aupr\u00e8s de St. Gallen-Bodensee Tourismus<\/figcaption><\/figure>\n\n<h4 class=\"wp-block-heading has-text-color has-link-color wp-elements-a0166b531954b83900827edb59102feb\" style=\"color:#a2924f;padding-top:1rem;font-size:1.13rem\">Points forts de l&rsquo;OLMA<\/h4>\n\n<p>A l&rsquo;OLMA, vous d\u00e9couvrez et profitez de vos exposants pr\u00e9f\u00e9r\u00e9s, de l&rsquo;agriculture \u00e0 l&rsquo;\u00e9lectronique, le tout dans une exposition en Suisse orientale. Vous pouvez voir en permanence les points forts de l&rsquo;agriculture \u00e0 ces foires OLMA. Les exposants les plus divers :  <\/p>\n\n<ul class=\"wp-block-list\">\n<li>Course de cochons OLMA Messen &#8211; C&rsquo;est vrai, \u00e7a marche !<\/li>\n\n\n\n<li>L&rsquo;OLMA est la foire grand public la plus grande et la plus populaire de Suisse.<\/li>\n\n\n\n<li>L&rsquo;OLMA enthousiasme chaque ann\u00e9e quelque 300 000 visiteurs.<\/li>\n\n\n\n<li>L&rsquo;OLMA a un public cible tr\u00e8s diversifi\u00e9 avec un fort potentiel de nouveaux contacts clients.<\/li>\n\n\n\n<li>L&rsquo;OLMA a une importance nationale et un grand rayonnement dans les pays voisins.<\/li>\n\n\n\n<li>L&rsquo;OLMA est un salon de vente couronn\u00e9 de succ\u00e8s et offrant de tr\u00e8s bonnes possibilit\u00e9s de contact.<\/li>\n\n\n\n<li>L&rsquo;OLMA propose un programme-cadre riche en \u00e9v\u00e9nements, des expositions sp\u00e9ciales int\u00e9ressantes et une exposition d&rsquo;animaux attrayante.<\/li>\n\n\n\n<li>L&rsquo;OLMA accueille chaque ann\u00e9e un canton h\u00f4te ou un invit\u00e9 d&rsquo;honneur.<\/li>\n\n\n\n<li>L&rsquo;OLMA offre un tr\u00e8s bon rapport qualit\u00e9-prix et une organisation professionnelle.<\/li>\n\n\n\n<li>L&rsquo;OLMA b\u00e9n\u00e9ficie d&rsquo;une grande couverture m\u00e9diatique gr\u00e2ce \u00e0 une vaste campagne de publicit\u00e9 dans laquelle vous recevez des nouvelles personnalis\u00e9es et des actions sp\u00e9ciales.<\/li>\n<\/ul>\n\n<p>Chez nous, vous pouvez participer en permanence \u00e0 des concours passionnants pendant l&rsquo;OLMA.<\/p>\n\n<p>Les commandes de toutes les prestations fournies \u00e0 l&rsquo;OLMA seront trait\u00e9es aussi rapidement que possible.<\/p>\n\n<p><\/p>\n","protected":false},"excerpt":{"rendered":"<p>FOIRE D&rsquo;AUTOMNE<br \/>St. Gallen, du 08.10. au 18.10.2026 <\/p>\n","protected":false},"featured_media":19807,"parent":0,"template":"","ereignis-tags":[244],"class_list":["post-8555","veranstaltungen","type-veranstaltungen","status-publish","has-post-thumbnail","hentry","ereignis-tags-foires-et-salons"],"_links":{"self":[{"href":"https:\/\/www.mathier.com\/fr\/wp-json\/wp\/v2\/veranstaltungen\/8555","targetHints":{"allow":["GET"]}}],"collection":[{"href":"https:\/\/www.mathier.com\/fr\/wp-json\/wp\/v2\/veranstaltungen"}],"about":[{"href":"https:\/\/www.mathier.com\/fr\/wp-json\/wp\/v2\/types\/veranstaltungen"}],"wp:featuredmedia":[{"embeddable":true,"href":"https:\/\/www.mathier.com\/fr\/wp-json\/wp\/v2\/media\/19807"}],"wp:attachment":[{"href":"https:\/\/www.mathier.com\/fr\/wp-json\/wp\/v2\/media?parent=8555"}],"wp:term":[{"taxonomy":"ereignis-tags","embeddable":true,"href":"https:\/\/www.mathier.com\/fr\/wp-json\/wp\/v2\/ereignis-tags?post=8555"}],"curies":[{"name":"wp","href":"https:\/\/api.w.org\/{rel}","templated":true}]}}

<h2 class="wp-block-heading" style="font-size:1.75rem">Dégustation de grande classe &#8211; Vivez la tradition viticole valaisanne</h2>

<p>Plongez dans l&rsquo;univers fascinant du vin valaisan ! Lors du prochain salon, nous vous invitons à une <br/><a href="https://www.mathier.com/fr/degustation-de-vin-en-suisse/">dégustation </a>spéciale où vous pourrez découvrir <a href="https://www.mathier-shop.com/fr/" rel="noopener">nos vins primés</a> dans une ambiance détendue. </p>

<p>Qu&rsquo;il s&rsquo;agisse de vins blancs frais comme la Petite Arvine, l&rsquo;Heida et l&rsquo;Amigne, d&rsquo;élégants vins rosés ou de vins rouges de caractère comme la Syrah, le Cornalin et l&rsquo;Humagne Rouge, notre sélection offre des plaisirs pour tous les goûts. Laissez-vous inspirer par la passion et l&rsquo;expertise de nos vignerons et apprenez-en plus sur la fabrication traditionnelle du vin en Valais. </p>

<p>Venez nous rendre visite et vivez des moments de plaisir inoubliables. Nous nous réjouissons de vous accueillir personnellement ! </p>

<hr class="wp-block-separator has-alpha-channel-opacity is-style-wide" style="margin-top:2.5rem;margin-bottom:1.5rem"/>

<h3 class="wp-block-heading" style="border-style:none;border-width:0px;border-radius:0px;padding-top:1rem;font-size:1.5rem">Détails de l&rsquo;événement</h3>

<h4 class="wp-block-heading has-text-color has-link-color wp-elements-b0f321af2818f7d06856522af8046bac" style="color:#a2924f;font-size:1.13rem">Site</h4>

<figure class="wp-block-table is-style-stripes"><table class="has-fixed-layout"><thead><tr><th class="has-text-align-left" data-align="left">HALLE</th><th class="has-text-align-left" data-align="left">STAND</th></tr></thead><tbody><tr><td class="has-text-align-left" data-align="left">4</td><td class="has-text-align-left" data-align="left">4.0.13</td></tr></tbody></table></figure>

<h4 class="wp-block-heading has-text-color has-link-color wp-elements-e3758d4cfe7e88a9887737604cf0489a" style="color:#a2924f;padding-top:1rem;font-size:1.13rem">Heures d&rsquo;ouverture <strong>(halls de dégustation 4 et 5)</strong></h4>

<figure class="wp-block-table is-style-stripes"><table class="has-fixed-layout"><thead><tr><th class="has-text-align-left" data-align="left">JOUR</th><th class="has-text-align-left" data-align="left">TEMPS</th></tr></thead><tbody><tr><td class="has-text-align-left" data-align="left">Du jeudi au samedi</td><td class="has-text-align-left" data-align="left">10:30-19:00 heures</td></tr><tr><td class="has-text-align-left" data-align="left">Dimanche</td><td class="has-text-align-left" data-align="left">10:30-18:00 heures</td></tr></tbody><tfoot><tr><td class="has-text-align-left" data-align="left">Veuillez noter que l&rsquo;accès est limité aux heures de pointe.</td><td class="has-text-align-left" data-align="left"></td></tr></tfoot></table></figure>

<hr class="wp-block-separator has-alpha-channel-opacity"/>

<h4 class="wp-block-heading has-text-color has-link-color wp-elements-de470c917cd41c6bf6cccdecf94c8f80" style="color:#a2924f;padding-top:1rem;font-size:1.13rem">Heures d&rsquo;ouverture  <strong><strong>(salon</strong>)</strong></h4>

<figure class="wp-block-table is-style-stripes"><table class="has-fixed-layout"><thead><tr><th class="has-text-align-left" data-align="left">JOUR</th><th class="has-text-align-left" data-align="left">TEMPS</th></tr></thead><tbody><tr><td class="has-text-align-left" data-align="left">Du jeudi au dimanche</td><td class="has-text-align-left" data-align="left">09:00-18:00 heures</td></tr></tbody><tfoot><tr><td class="has-text-align-left" data-align="left">Veuillez noter que l&rsquo;accès est limité aux heures de pointe.</td><td class="has-text-align-left" data-align="left"></td></tr></tfoot></table></figure>

<h4 class="wp-block-heading has-text-color has-link-color wp-elements-7d1ea48e83ef70851349acb8369707d4" style="color:#a2924f;padding-top:1rem;font-size:1.13rem">Prix d&rsquo;entrée</h4>

<figure class="wp-block-table is-style-stripes"><table class="has-fixed-layout"><thead><tr><th class="has-text-align-left" data-align="left">BILLETS</th><th class="has-text-align-left" data-align="left">PRIX</th></tr></thead><tbody><tr><td class="has-text-align-left" data-align="left">Adultes <em>(carte journalière)</em></td><td class="has-text-align-left" data-align="left">CHF 18.00</td></tr><tr><td class="has-text-align-left" data-align="left">Adultes <em>(carte journalière en ligne)</em></td><td class="has-text-align-left" data-align="left">CHF 17.00</td></tr><tr><td class="has-text-align-left" data-align="left">Apprenants, étudiants, bénéficiaires de l&rsquo;AI</td><td class="has-text-align-left" data-align="left">CHF 13.00 *</td></tr><tr><td class="has-text-align-left" data-align="left">Enfants et jeunes de 6 à 15 ans</td><td class="has-text-align-left" data-align="left">CHF 10.00  </td></tr><tr><td class="has-text-align-left" data-align="left">Carte journalière familiale :  <br/><em>1 à 2 adultes et <br/>max. 4 jeunes de 6 à 15 ans </em></td><td class="has-text-align-left" data-align="left">CHF 46.00 *</td></tr><tr><td class="has-text-align-left" data-align="left">Carte de soirée (entrée unique à partir de 17h00)</td><td class="has-text-align-left" data-align="left">CHF 11.00</td></tr><tr><td class="has-text-align-left" data-align="left">Carte d&rsquo;abonnement adulte</td><td class="has-text-align-left" data-align="left">CHF 49.00 **</td></tr><tr><td class="has-text-align-left" data-align="left">Carte permanente pour les jeunes de 6 à 15 ans, les apprentis, les étudiants, les bénéficiaires de l&rsquo;AVS et de l&rsquo;AI</td><td class="has-text-align-left" data-align="left">CHF 30.00 **</td></tr></tbody><tfoot><tr><td class="has-text-align-left" data-align="left">Le billet donne droit à l&rsquo;entrée n&rsquo;importe quel jour de la foire pendant l&rsquo;OLMA.</td><td class="has-text-align-left" data-align="left"></td></tr></tfoot></table><figcaption class="wp-element-caption">* Disponible uniquement aux caisses de la foire sur place<br/>** Disponible uniquement aux caisses de la foire et auprès de St. Gallen-Bodensee Tourismus</figcaption></figure>

<h4 class="wp-block-heading has-text-color has-link-color wp-elements-a0166b531954b83900827edb59102feb" style="color:#a2924f;padding-top:1rem;font-size:1.13rem">Points forts de l&rsquo;OLMA</h4>

<p>A l&rsquo;OLMA, vous découvrez et profitez de vos exposants préférés, de l&rsquo;agriculture à l&rsquo;électronique, le tout dans une exposition en Suisse orientale. Vous pouvez voir en permanence les points forts de l&rsquo;agriculture à ces foires OLMA. Les exposants les plus divers :  </p>

<ul class="wp-block-list">
<li>Course de cochons OLMA Messen &#8211; C&rsquo;est vrai, ça marche !</li>



<li>L&rsquo;OLMA est la foire grand public la plus grande et la plus populaire de Suisse.</li>



<li>L&rsquo;OLMA enthousiasme chaque année quelque 300 000 visiteurs.</li>



<li>L&rsquo;OLMA a un public cible très diversifié avec un fort potentiel de nouveaux contacts clients.</li>



<li>L&rsquo;OLMA a une importance nationale et un grand rayonnement dans les pays voisins.</li>



<li>L&rsquo;OLMA est un salon de vente couronné de succès et offrant de très bonnes possibilités de contact.</li>



<li>L&rsquo;OLMA propose un programme-cadre riche en événements, des expositions spéciales intéressantes et une exposition d&rsquo;animaux attrayante.</li>



<li>L&rsquo;OLMA accueille chaque année un canton hôte ou un invité d&rsquo;honneur.</li>



<li>L&rsquo;OLMA offre un très bon rapport qualité-prix et une organisation professionnelle.</li>



<li>L&rsquo;OLMA bénéficie d&rsquo;une grande couverture médiatique grâce à une vaste campagne de publicité dans laquelle vous recevez des nouvelles personnalisées et des actions spéciales.</li>
</ul>

<p>Chez nous, vous pouvez participer en permanence à des concours passionnants pendant l&rsquo;OLMA.</p>

<p>Les commandes de toutes les prestations fournies à l&rsquo;OLMA seront traitées aussi rapidement que possible.</p>

<p></p>
