{"id":8570,"date":"2024-08-14T08:34:21","date_gmt":"2024-08-14T06:34:21","guid":{"rendered":"https:\/\/www.mathier.com\/events\/fete-du-vin-mathier-vin-abricots\/"},"modified":"2026-01-20T14:46:53","modified_gmt":"2026-01-20T13:46:53","slug":"wein-aprikosen","status":"publish","type":"veranstaltungen","link":"https:\/\/www.mathier.com\/fr\/events\/wein-aprikosen\/","title":{"rendered":"\u00ab\u00a0Vin &amp; abricots\u00a0\u00bb"},"content":{"rendered":"\n<h2 class=\"wp-block-heading\" style=\"font-size:1.75rem\">La f\u00eate du vin de Mathier est plac\u00e9e sous le signe des plaisirs de l&rsquo;\u00e9t\u00e9<\/h2>\n\n<p>Ne manquez pas ce t\u00eate-\u00e0-t\u00eate gourmand d&rsquo;un genre particulier ! Pour marquer le d\u00e9but de l&rsquo;\u00e9t\u00e9, le <strong>27 juin 2026<\/strong>, la <strong>premi\u00e8re f\u00eate du vin de Mathier<\/strong> vous permettra de d\u00e9couvrir et de savourer \u00e0 loisir non seulement la reine du verger valaisan, mais aussi les grands crus prim\u00e9s de notre domaine. <\/p>\n\n<p>Enfin, l&rsquo;\u00e9t\u00e9 est de retour ! La nature est d&rsquo;un vert luxuriant, un feu d&rsquo;artifice de couleurs se pr\u00e9sente partout. Et bien s\u00fbr, le nez et le palais ne doivent pas \u00eatre n\u00e9glig\u00e9s. Profiter avec tous les sens &#8211; telle est la devise de la <strong>premi\u00e8re f\u00eate du vin de Mathier<\/strong>. Les abricots et le vin sont les ma\u00eetres mots de cette manifestation qui se d\u00e9roule sous un ciel bleu acier et devant un imposant d\u00e9cor alpin.    <\/p>\n\n<p>Le classique du verger vous est pr\u00e9sent\u00e9 trois fois : comme un fruit irr\u00e9sistiblement sucr\u00e9 et juteux, comme un alcool fort dans le <strong>Vieil Abricot Barrique<\/strong>, avec lequel Diego Mathier a d\u00e9j\u00e0 \u00e9t\u00e9 sacr\u00e9 <strong>champion suisse des eaux-de-vie<\/strong>, et bien s\u00fbr comme un ar\u00f4me s\u00e9duisant dans l&rsquo;un ou l&rsquo;autre <a href=\"https:\/\/www.mathier-shop.com\/fr\/tous-les-vins\" rel=\"noopener\">de nos vins valaisans raffin\u00e9s<\/a>.<\/p>\n\n<p>Si vous avez envie de profiter encore plus de l&rsquo;\u00e9t\u00e9, nous vous recommandons de s\u00e9journer dans notre <strong>BnB Vino Veritas<\/strong>. Situ\u00e9 au c\u0153ur du Valais et \u00e0 deux pas du domaine viticole, c&rsquo;est le point de d\u00e9part id\u00e9al pour partir \u00e0 la d\u00e9couverte du Valais. En 60 minutes, vous pouvez rejoindre toutes les destinations importantes de notre canton ensoleill\u00e9, du <strong>lac L\u00e9man jusqu&rsquo;aux hauteurs de la vall\u00e9e de Conches<\/strong>.  <\/p>\n\n<hr class=\"wp-block-separator has-alpha-channel-opacity is-style-wide\" style=\"margin-top:2.5rem;margin-bottom:1.5rem\"\/>\n\n<h3 class=\"wp-block-heading\" style=\"border-style:none;border-width:0px;border-radius:0px;padding-top:1rem;font-size:1.5rem\">D\u00e9tails de l&rsquo;\u00e9v\u00e9nement<\/h3>\n\n<h4 class=\"wp-block-heading has-text-color has-link-color wp-elements-af192dbb86873cc5aec000e288f19503\" style=\"color:#a2924f;font-size:1.13rem\">Vous pouvez vous attendre \u00e0<\/h4>\n\n<ul class=\"wp-block-list\">\n<li><a href=\"https:\/\/www.mathier.com\/fr\/degustation-de-vin-en-suisse\/\">D\u00e9gustation de vin guid\u00e9e<\/a><\/li>\n\n\n\n<li>Visite de la cave<\/li>\n\n\n\n<li>Promenade guid\u00e9e dans les vignobles<\/li>\n\n\n\n<li>Abricots du Valais en direct du producteur \u00e0 un prix avantageux<\/li>\n\n\n\n<li>Repas au restaurant Barrique Wein &amp; Raclette (en option &#8211; la consommation n&rsquo;est pas incluse dans l&rsquo;\u00e9v\u00e9nement).<\/li>\n<\/ul>\n\n<h4 class=\"wp-block-heading has-text-color has-link-color wp-elements-df62881cd88986fd1ae3caae33fed4aa\" style=\"color:#a2924f;padding-top:1rem;font-size:1.13rem\">Prix<\/h4>\n\n<ul class=\"wp-block-list\">\n<li>CHF 50.00 par personne, \u00e0 payer sur place.<\/li>\n\n\n\n<li>En \u00e9change, vous recevrez \u00e0 l&rsquo;entr\u00e9e un bon d&rsquo;une valeur de CHF 50.00, utilisable \u00e0 l&rsquo;achat de 12 bouteilles ou plus (75cl).<\/li>\n<\/ul>\n\n<h4 class=\"wp-block-heading has-text-color has-link-color wp-elements-590a6ee2f2c0d472533270ffe9588e19\" style=\"color:#a2924f;padding-top:1rem;font-size:1.13rem\">\u00c9v\u00e9nements<\/h4>\n\n<figure class=\"wp-block-table is-style-stripes\"><table class=\"has-fixed-layout\"><thead><tr><th class=\"has-text-align-left\" data-align=\"left\">JOUR<\/th><th class=\"has-text-align-left\" data-align=\"left\">TEMPS<\/th><\/tr><\/thead><tbody><tr><td class=\"has-text-align-left\" data-align=\"left\">Samedi<\/td><td class=\"has-text-align-left\" data-align=\"left\">10:00-18:00 heures<\/td><\/tr><\/tbody><\/table><\/figure>\n\n<h4 class=\"wp-block-heading has-text-color has-link-color wp-elements-5e418558481fdadaf92d2350f51f9165\" style=\"color:#a2924f;padding-top:1rem;font-size:1.13rem\">Heures de d\u00e9part de la randonn\u00e9e<\/h4>\n\n<p>Tous ceux qui souhaitent participer \u00e0 la randonn\u00e9e doivent se rendre \u00e0 la cave au plus tard \u00e0 10h30.<\/p>\n\n<h4 class=\"wp-block-heading has-text-color has-link-color wp-elements-bf4d234aa9391d04a38e58ce5f242604\" style=\"color:#a2924f;padding-top:1rem;font-size:1.13rem\">Inscription<\/h4>\n\n<p>Vous pouvez vous inscrire tr\u00e8s facilement par t\u00e9l\u00e9phone <strong>au 027 455 75 75<\/strong> ou par e-mail \u00e0 <strong>info@mathier.com<\/strong> &#8211; nous nous r\u00e9jouissons de votre participation !<\/p>\n\n<p><strong><em>Si vous souhaitez profiter plus longtemps et plus intens\u00e9ment du Valais, nous vous recommandons de s\u00e9journer dans notre BnB Vino Veritas. Situ\u00e9 au c\u0153ur du Valais et \u00e0 deux pas de notre domaine viticole, c&rsquo;est le point de d\u00e9part id\u00e9al pour partir \u00e0 la d\u00e9couverte de l&rsquo;\u00e9t\u00e9 valaisan. En effet, en 60 minutes, vous pouvez rejoindre toutes les destinations importantes de notre canton ensoleill\u00e9, du lac L\u00e9man \u00e0 la vall\u00e9e de Conches ! <\/em><\/strong><\/p>\n","protected":false},"excerpt":{"rendered":"<p>F\u00caTE DES VINS DE MATHIERS<br \/>Salquenen, 27.06.2026<\/p>\n","protected":false},"featured_media":1825,"parent":0,"template":"","ereignis-tags":[242],"class_list":["post-8570","veranstaltungen","type-veranstaltungen","status-publish","has-post-thumbnail","hentry","ereignis-tags-evenements"],"_links":{"self":[{"href":"https:\/\/www.mathier.com\/fr\/wp-json\/wp\/v2\/veranstaltungen\/8570","targetHints":{"allow":["GET"]}}],"collection":[{"href":"https:\/\/www.mathier.com\/fr\/wp-json\/wp\/v2\/veranstaltungen"}],"about":[{"href":"https:\/\/www.mathier.com\/fr\/wp-json\/wp\/v2\/types\/veranstaltungen"}],"wp:featuredmedia":[{"embeddable":true,"href":"https:\/\/www.mathier.com\/fr\/wp-json\/wp\/v2\/media\/1825"}],"wp:attachment":[{"href":"https:\/\/www.mathier.com\/fr\/wp-json\/wp\/v2\/media?parent=8570"}],"wp:term":[{"taxonomy":"ereignis-tags","embeddable":true,"href":"https:\/\/www.mathier.com\/fr\/wp-json\/wp\/v2\/ereignis-tags?post=8570"}],"curies":[{"name":"wp","href":"https:\/\/api.w.org\/{rel}","templated":true}]}}

<h2 class="wp-block-heading" style="font-size:1.75rem">La fête du vin de Mathier est placée sous le signe des plaisirs de l&rsquo;été</h2>

<p>Ne manquez pas ce tête-à-tête gourmand d&rsquo;un genre particulier ! Pour marquer le début de l&rsquo;été, le <strong>27 juin 2026</strong>, la <strong>première fête du vin de Mathier</strong> vous permettra de découvrir et de savourer à loisir non seulement la reine du verger valaisan, mais aussi les grands crus primés de notre domaine. </p>

<p>Enfin, l&rsquo;été est de retour ! La nature est d&rsquo;un vert luxuriant, un feu d&rsquo;artifice de couleurs se présente partout. Et bien sûr, le nez et le palais ne doivent pas être négligés. Profiter avec tous les sens &#8211; telle est la devise de la <strong>première fête du vin de Mathier</strong>. Les abricots et le vin sont les maîtres mots de cette manifestation qui se déroule sous un ciel bleu acier et devant un imposant décor alpin.    </p>

<p>Le classique du verger vous est présenté trois fois : comme un fruit irrésistiblement sucré et juteux, comme un alcool fort dans le <strong>Vieil Abricot Barrique</strong>, avec lequel Diego Mathier a déjà été sacré <strong>champion suisse des eaux-de-vie</strong>, et bien sûr comme un arôme séduisant dans l&rsquo;un ou l&rsquo;autre <a href="https://www.mathier-shop.com/fr/tous-les-vins" rel="noopener">de nos vins valaisans raffinés</a>.</p>

<p>Si vous avez envie de profiter encore plus de l&rsquo;été, nous vous recommandons de séjourner dans notre <strong>BnB Vino Veritas</strong>. Situé au cœur du Valais et à deux pas du domaine viticole, c&rsquo;est le point de départ idéal pour partir à la découverte du Valais. En 60 minutes, vous pouvez rejoindre toutes les destinations importantes de notre canton ensoleillé, du <strong>lac Léman jusqu&rsquo;aux hauteurs de la vallée de Conches</strong>.  </p>

<hr class="wp-block-separator has-alpha-channel-opacity is-style-wide" style="margin-top:2.5rem;margin-bottom:1.5rem"/>

<h3 class="wp-block-heading" style="border-style:none;border-width:0px;border-radius:0px;padding-top:1rem;font-size:1.5rem">Détails de l&rsquo;événement</h3>

<h4 class="wp-block-heading has-text-color has-link-color wp-elements-af192dbb86873cc5aec000e288f19503" style="color:#a2924f;font-size:1.13rem">Vous pouvez vous attendre à</h4>

<ul class="wp-block-list">
<li><a href="https://www.mathier.com/fr/degustation-de-vin-en-suisse/">Dégustation de vin guidée</a></li>



<li>Visite de la cave</li>



<li>Promenade guidée dans les vignobles</li>



<li>Abricots du Valais en direct du producteur à un prix avantageux</li>



<li>Repas au restaurant Barrique Wein &amp; Raclette (en option &#8211; la consommation n&rsquo;est pas incluse dans l&rsquo;événement).</li>
</ul>

<h4 class="wp-block-heading has-text-color has-link-color wp-elements-df62881cd88986fd1ae3caae33fed4aa" style="color:#a2924f;padding-top:1rem;font-size:1.13rem">Prix</h4>

<ul class="wp-block-list">
<li>CHF 50.00 par personne, à payer sur place.</li>



<li>En échange, vous recevrez à l&rsquo;entrée un bon d&rsquo;une valeur de CHF 50.00, utilisable à l&rsquo;achat de 12 bouteilles ou plus (75cl).</li>
</ul>

<h4 class="wp-block-heading has-text-color has-link-color wp-elements-590a6ee2f2c0d472533270ffe9588e19" style="color:#a2924f;padding-top:1rem;font-size:1.13rem">Événements</h4>

<figure class="wp-block-table is-style-stripes"><table class="has-fixed-layout"><thead><tr><th class="has-text-align-left" data-align="left">JOUR</th><th class="has-text-align-left" data-align="left">TEMPS</th></tr></thead><tbody><tr><td class="has-text-align-left" data-align="left">Samedi</td><td class="has-text-align-left" data-align="left">10:00-18:00 heures</td></tr></tbody></table></figure>

<h4 class="wp-block-heading has-text-color has-link-color wp-elements-5e418558481fdadaf92d2350f51f9165" style="color:#a2924f;padding-top:1rem;font-size:1.13rem">Heures de départ de la randonnée</h4>

<p>Tous ceux qui souhaitent participer à la randonnée doivent se rendre à la cave au plus tard à 10h30.</p>

<h4 class="wp-block-heading has-text-color has-link-color wp-elements-bf4d234aa9391d04a38e58ce5f242604" style="color:#a2924f;padding-top:1rem;font-size:1.13rem">Inscription</h4>

<p>Vous pouvez vous inscrire très facilement par téléphone <strong>au 027 455 75 75</strong> ou par e-mail à <strong>info@mathier.com</strong> &#8211; nous nous réjouissons de votre participation !</p>

<p><strong><em>Si vous souhaitez profiter plus longtemps et plus intensément du Valais, nous vous recommandons de séjourner dans notre BnB Vino Veritas. Situé au cœur du Valais et à deux pas de notre domaine viticole, c&rsquo;est le point de départ idéal pour partir à la découverte de l&rsquo;été valaisan. En effet, en 60 minutes, vous pouvez rejoindre toutes les destinations importantes de notre canton ensoleillé, du lac Léman à la vallée de Conches ! </em></strong></p>

<p>FÊTE DES VINS DE MATHIERS<br />Salquenen, 27.06.2026</p>
