{"id":8572,"date":"2024-08-14T12:00:51","date_gmt":"2024-08-14T10:00:51","guid":{"rendered":"https:\/\/www.mathier.com\/events\/fete-du-vin-mathier-vin-vendanges\/"},"modified":"2026-01-20T14:46:53","modified_gmt":"2026-01-20T13:46:53","slug":"recolte","status":"publish","type":"veranstaltungen","link":"https:\/\/www.mathier.com\/fr\/events\/recolte\/","title":{"rendered":"\u00ab\u00a0Vin &amp; Vendanges\u00a0\u00bb"},"content":{"rendered":"\n<h2 class=\"wp-block-heading\" style=\"font-size:1.75rem\">Bienvenue \u00e0 la deuxi\u00e8me f\u00eate du vin de Mathier \u00ab\u00a0Vin &amp; R\u00e9colte<\/h2>\n\n<p>Quel plaisir de voir que vous vous int\u00e9ressez \u00e0 notre f\u00eate du vin Mathier ! Nous vous le promettons : Nous vous garantissons que ce sera tout sauf ennuyeux. Le <strong>19 septembre 2026<\/strong>, nous vous invitons \u00e0 la deuxi\u00e8me f\u00eate du vin Mathier \u00ab\u00a0Vin &amp; Vendanges\u00a0\u00bb \u00e0 Salquenen.  <\/p>\n\n<p>Lorsque le parfum du raisin press\u00e9 se r\u00e9pand comme un nuage cotonneux au-dessus de notre cave, c&rsquo;est le d\u00e9but des noces de l&rsquo;ann\u00e9e viticole. C&rsquo;est alors qu&rsquo;une <a href=\"https:\/\/www.mathier.com\/fr\/degustation-de-vin-en-suisse\/\"> <strong>d\u00e9gustation de vin<\/strong> d\u00e9taill\u00e9e<\/a>, \u00e0 laquelle nous vous accueillons dans notre confortable St\u00fcbli du domaine, est particuli\u00e8rement agr\u00e9able. Ce que vous d\u00e9gustez dans votre verre se r\u00e9v\u00e8le ensuite \u00e0 vous lors d&rsquo;une <strong>randonn\u00e9e guid\u00e9e<\/strong> \u00e0 travers nos vignobles de Salquenen. Accompagn\u00e9 d&rsquo;un guide de randonn\u00e9e, vous d\u00e9couvrirez au cours de cette visite d&rsquo;environ 90 minutes ce que signifie traverser \u00ab\u00a0l&rsquo;enfer\u00a0\u00bb. Ne vous inqui\u00e9tez pas : la randonn\u00e9e est totalement inoffensive et n&rsquo;est pas exigeante. Vous pourrez ensuite affirmer avec fiert\u00e9 que vous n&rsquo;\u00eates pas seulement all\u00e9 en enfer, mais que vous en \u00eates revenu sain et sauf. Votre guide vous dira ce qu&rsquo;est exactement l&rsquo;enfer.      <\/p>\n\n<p>De retour \u00e0 Salquenen et fort d&rsquo;une connaissance accrue du vin, vous rencontrerez <a href=\"https:\/\/www.mathier.com\/fr\/\">Diego Mathier<\/a> en train de travailler sur l&rsquo;un des sites les plus importants des vendanges. A l&rsquo;endroit o\u00f9 les raisins des vignobles sont livr\u00e9s pour \u00eatre press\u00e9s, il veille \u00e0 ce que seuls les raisins de la meilleure qualit\u00e9 arrivent dans le pressoir. Profitez de cette rare opportunit\u00e9 et d\u00e9couvrez les coulisses des vendanges de premi\u00e8re main.  <\/p>\n\n<p>Tant de mouvement et de connaissances donnent faim. Cela tombe bien, le <strong>restaurant Barrique \u00ab\u00a0Vin &amp; Fromage\u00a0\u00bb<\/strong> se trouve \u00e0 deux pas du domaine et vous attend avec des plats et des vins d\u00e9licieux. <\/p>\n\n<p>Pour profiter pleinement de la journ\u00e9e, pr\u00e9voyez suffisamment de temps, surtout si vous souhaitez d\u00e9couvrir tous les \u00e9l\u00e9ments du programme.<\/p>\n\n<hr class=\"wp-block-separator has-alpha-channel-opacity is-style-wide\" style=\"margin-top:2.5rem;margin-bottom:1.5rem\"\/>\n\n<h3 class=\"wp-block-heading\" style=\"border-style:none;border-width:0px;border-radius:0px;padding-top:1rem;font-size:1.5rem\">D\u00e9tails de l&rsquo;\u00e9v\u00e9nement<\/h3>\n\n<h4 class=\"wp-block-heading has-text-color has-link-color wp-elements-af192dbb86873cc5aec000e288f19503\" style=\"color:#a2924f;font-size:1.13rem\">Vous pouvez vous attendre \u00e0<\/h4>\n\n<ul class=\"wp-block-list\">\n<li>Arriv\u00e9e individuelle<\/li>\n\n\n\n<li><a href=\"https:\/\/www.mathier.com\/fr\/degustation-de-vin-en-suisse\/\">D\u00e9gustation de vin au domaine Mathier<\/a><\/li>\n\n\n\n<li>Randonn\u00e9e guid\u00e9e aller-retour en enfer<\/li>\n\n\n\n<li>Les coulisses des vendanges<\/li>\n\n\n\n<li>Raclette &amp; vin au restaurant Barrique au c\u0153ur de Salquenen<\/li>\n<\/ul>\n\n<h4 class=\"wp-block-heading has-text-color has-link-color wp-elements-df62881cd88986fd1ae3caae33fed4aa\" style=\"color:#a2924f;padding-top:1rem;font-size:1.13rem\">Prix<\/h4>\n\n<ul class=\"wp-block-list\">\n<li>CHF 50.00 par personne, \u00e0 payer sur place.<\/li>\n\n\n\n<li>En \u00e9change, vous recevrez \u00e0 l&rsquo;entr\u00e9e un bon d&rsquo;une valeur de CHF 50.00, utilisable \u00e0 l&rsquo;achat de 12 bouteilles ou plus (75cl).<\/li>\n<\/ul>\n\n<h4 class=\"wp-block-heading has-text-color has-link-color wp-elements-590a6ee2f2c0d472533270ffe9588e19\" style=\"color:#a2924f;padding-top:1rem;font-size:1.13rem\">\u00c9v\u00e9nements<\/h4>\n\n<figure class=\"wp-block-table is-style-stripes\"><table class=\"has-fixed-layout\"><thead><tr><th class=\"has-text-align-left\" data-align=\"left\">JOUR<\/th><th class=\"has-text-align-left\" data-align=\"left\">TEMPS<\/th><\/tr><\/thead><tbody><tr><td class=\"has-text-align-left\" data-align=\"left\">Samedi<\/td><td class=\"has-text-align-left\" data-align=\"left\">10:00-18:00 heures<\/td><\/tr><\/tbody><\/table><\/figure>\n\n<h4 class=\"wp-block-heading has-text-color has-link-color wp-elements-5e418558481fdadaf92d2350f51f9165\" style=\"color:#a2924f;padding-top:1rem;font-size:1.13rem\">Heures de d\u00e9part de la randonn\u00e9e<\/h4>\n\n<p>Tous ceux qui souhaitent participer \u00e0 la randonn\u00e9e doivent se rendre \u00e0 la cave au plus tard \u00e0 10h30.<\/p>\n\n<h4 class=\"wp-block-heading has-text-color has-link-color wp-elements-1ae36fd998826f6cbb89ea07ee33b39c\" style=\"color:#a2924f;padding-top:1rem;font-size:1.13rem\">Inscription<\/h4>\n\n<p>Vous pouvez vous inscrire tr\u00e8s facilement par t\u00e9l\u00e9phone <strong>au 027 455 75 75<\/strong> ou par e-mail \u00e0 <strong>info@mathier.com<\/strong> &#8211; nous nous r\u00e9jouissons de votre participation !<\/p>\n\n<p><strong><em>Si vous souhaitez profiter plus longtemps et plus intens\u00e9ment du Valais, nous vous recommandons de s\u00e9journer dans notre BnB Vino Veritas. Situ\u00e9 au c\u0153ur du Valais et \u00e0 deux pas de notre domaine viticole, c&rsquo;est le point de d\u00e9part id\u00e9al pour partir \u00e0 la d\u00e9couverte de l&rsquo;\u00e9t\u00e9 valaisan. En effet, en 60 minutes, vous pouvez rejoindre toutes les destinations importantes de notre canton ensoleill\u00e9, du lac L\u00e9man \u00e0 la vall\u00e9e de Conches ! <\/em><\/strong><\/p>\n\n<p><\/p>\n\n<p><\/p>\n","protected":false},"excerpt":{"rendered":"<p>F\u00caTE DES VINS MATHIERS<br \/>Salquenen, 19.09.2026<\/p>\n","protected":false},"featured_media":1833,"parent":0,"template":"","ereignis-tags":[242],"class_list":["post-8572","veranstaltungen","type-veranstaltungen","status-publish","has-post-thumbnail","hentry","ereignis-tags-evenements"],"_links":{"self":[{"href":"https:\/\/www.mathier.com\/fr\/wp-json\/wp\/v2\/veranstaltungen\/8572","targetHints":{"allow":["GET"]}}],"collection":[{"href":"https:\/\/www.mathier.com\/fr\/wp-json\/wp\/v2\/veranstaltungen"}],"about":[{"href":"https:\/\/www.mathier.com\/fr\/wp-json\/wp\/v2\/types\/veranstaltungen"}],"wp:featuredmedia":[{"embeddable":true,"href":"https:\/\/www.mathier.com\/fr\/wp-json\/wp\/v2\/media\/1833"}],"wp:attachment":[{"href":"https:\/\/www.mathier.com\/fr\/wp-json\/wp\/v2\/media?parent=8572"}],"wp:term":[{"taxonomy":"ereignis-tags","embeddable":true,"href":"https:\/\/www.mathier.com\/fr\/wp-json\/wp\/v2\/ereignis-tags?post=8572"}],"curies":[{"name":"wp","href":"https:\/\/api.w.org\/{rel}","templated":true}]}}

<h2 class="wp-block-heading" style="font-size:1.75rem">Bienvenue à la deuxième fête du vin de Mathier « Vin &amp; Récolte</h2>

<p>Quel plaisir de voir que vous vous intéressez à notre fête du vin Mathier ! Nous vous le promettons : Nous vous garantissons que ce sera tout sauf ennuyeux. Le <strong>19 septembre 2026</strong>, nous vous invitons à la deuxième fête du vin Mathier « Vin &amp; Vendanges » à Salquenen.  </p>

<p>Lorsque le parfum du raisin pressé se répand comme un nuage cotonneux au-dessus de notre cave, c&rsquo;est le début des noces de l&rsquo;année viticole. C&rsquo;est alors qu&rsquo;une <a href="https://www.mathier.com/fr/degustation-de-vin-en-suisse/"> <strong>dégustation de vin</strong> détaillée</a>, à laquelle nous vous accueillons dans notre confortable Stübli du domaine, est particulièrement agréable. Ce que vous dégustez dans votre verre se révèle ensuite à vous lors d&rsquo;une <strong>randonnée guidée</strong> à travers nos vignobles de Salquenen. Accompagné d&rsquo;un guide de randonnée, vous découvrirez au cours de cette visite d&rsquo;environ 90 minutes ce que signifie traverser « l&rsquo;enfer ». Ne vous inquiétez pas : la randonnée est totalement inoffensive et n&rsquo;est pas exigeante. Vous pourrez ensuite affirmer avec fierté que vous n&rsquo;êtes pas seulement allé en enfer, mais que vous en êtes revenu sain et sauf. Votre guide vous dira ce qu&rsquo;est exactement l&rsquo;enfer.      </p>

<p>De retour à Salquenen et fort d&rsquo;une connaissance accrue du vin, vous rencontrerez <a href="https://www.mathier.com/fr/">Diego Mathier</a> en train de travailler sur l&rsquo;un des sites les plus importants des vendanges. A l&rsquo;endroit où les raisins des vignobles sont livrés pour être pressés, il veille à ce que seuls les raisins de la meilleure qualité arrivent dans le pressoir. Profitez de cette rare opportunité et découvrez les coulisses des vendanges de première main.  </p>

<p>Tant de mouvement et de connaissances donnent faim. Cela tombe bien, le <strong>restaurant Barrique « Vin &amp; Fromage »</strong> se trouve à deux pas du domaine et vous attend avec des plats et des vins délicieux. </p>

<p>Pour profiter pleinement de la journée, prévoyez suffisamment de temps, surtout si vous souhaitez découvrir tous les éléments du programme.</p>

<hr class="wp-block-separator has-alpha-channel-opacity is-style-wide" style="margin-top:2.5rem;margin-bottom:1.5rem"/>

<h3 class="wp-block-heading" style="border-style:none;border-width:0px;border-radius:0px;padding-top:1rem;font-size:1.5rem">Détails de l&rsquo;événement</h3>

<h4 class="wp-block-heading has-text-color has-link-color wp-elements-af192dbb86873cc5aec000e288f19503" style="color:#a2924f;font-size:1.13rem">Vous pouvez vous attendre à</h4>

<ul class="wp-block-list">
<li>Arrivée individuelle</li>



<li><a href="https://www.mathier.com/fr/degustation-de-vin-en-suisse/">Dégustation de vin au domaine Mathier</a></li>



<li>Randonnée guidée aller-retour en enfer</li>



<li>Les coulisses des vendanges</li>



<li>Raclette &amp; vin au restaurant Barrique au cœur de Salquenen</li>
</ul>

<h4 class="wp-block-heading has-text-color has-link-color wp-elements-df62881cd88986fd1ae3caae33fed4aa" style="color:#a2924f;padding-top:1rem;font-size:1.13rem">Prix</h4>

<ul class="wp-block-list">
<li>CHF 50.00 par personne, à payer sur place.</li>



<li>En échange, vous recevrez à l&rsquo;entrée un bon d&rsquo;une valeur de CHF 50.00, utilisable à l&rsquo;achat de 12 bouteilles ou plus (75cl).</li>
</ul>

<h4 class="wp-block-heading has-text-color has-link-color wp-elements-590a6ee2f2c0d472533270ffe9588e19" style="color:#a2924f;padding-top:1rem;font-size:1.13rem">Événements</h4>

<figure class="wp-block-table is-style-stripes"><table class="has-fixed-layout"><thead><tr><th class="has-text-align-left" data-align="left">JOUR</th><th class="has-text-align-left" data-align="left">TEMPS</th></tr></thead><tbody><tr><td class="has-text-align-left" data-align="left">Samedi</td><td class="has-text-align-left" data-align="left">10:00-18:00 heures</td></tr></tbody></table></figure>

<h4 class="wp-block-heading has-text-color has-link-color wp-elements-5e418558481fdadaf92d2350f51f9165" style="color:#a2924f;padding-top:1rem;font-size:1.13rem">Heures de départ de la randonnée</h4>

<p>Tous ceux qui souhaitent participer à la randonnée doivent se rendre à la cave au plus tard à 10h30.</p>

<h4 class="wp-block-heading has-text-color has-link-color wp-elements-1ae36fd998826f6cbb89ea07ee33b39c" style="color:#a2924f;padding-top:1rem;font-size:1.13rem">Inscription</h4>

<p>Vous pouvez vous inscrire très facilement par téléphone <strong>au 027 455 75 75</strong> ou par e-mail à <strong>info@mathier.com</strong> &#8211; nous nous réjouissons de votre participation !</p>

<p><strong><em>Si vous souhaitez profiter plus longtemps et plus intensément du Valais, nous vous recommandons de séjourner dans notre BnB Vino Veritas. Situé au cœur du Valais et à deux pas de notre domaine viticole, c&rsquo;est le point de départ idéal pour partir à la découverte de l&rsquo;été valaisan. En effet, en 60 minutes, vous pouvez rejoindre toutes les destinations importantes de notre canton ensoleillé, du lac Léman à la vallée de Conches ! </em></strong></p>

<p></p>

<p></p>

<p>FÊTE DES VINS MATHIERS<br />Salquenen, 19.09.2026</p>
