{"id":8592,"date":"2024-08-05T13:40:27","date_gmt":"2024-08-05T11:40:27","guid":{"rendered":"https:\/\/www.mathier.com\/events\/zom-wetzikon-03-09-07-09-2025\/"},"modified":"2026-03-23T10:27:12","modified_gmt":"2026-03-23T09:27:12","slug":"zom","status":"publish","type":"veranstaltungen","link":"https:\/\/www.mathier.com\/fr\/events\/zom\/","title":{"rendered":"ZOM Wetzikon"},"content":{"rendered":"\n<h2 class=\"wp-block-heading\" style=\"font-size:1.75rem\">D\u00e9gustation de grande classe &#8211; Vivez la tradition viticole valaisanne<\/h2>\n\n<p>Plongez dans le <a href=\"https:\/\/www.mathier.com\/fr\/\">monde unique du vin valaisan<\/a>! Lors de la prochaine foire, nous vous invitons \u00e0 une d\u00e9gustation sp\u00e9ciale qui vous permettra de go\u00fbter nos vins prim\u00e9s dans une atmosph\u00e8re d\u00e9tendue.<\/p>\n\n<p>Qu&rsquo;il s&rsquo;agisse <a href=\"https:\/\/www.mathier-shop.com\/fr\/types-de-vin\/blanc\/heida\" rel=\"noopener\">de vins blancs frais comme l&rsquo;Heida<\/a>, la Petite Arvine et l&rsquo;Amigne, de ros\u00e9s \u00e9l\u00e9gants ou de vins rouges de caract\u00e8re comme la Syrah, le Cornalin et l&rsquo;Humagne Rouge, notre s\u00e9lection permet \u00e0 chacun de trouver le plaisir qu&rsquo;il recherche. Laissez-vous inspirer par la passion et l&rsquo;expertise de nos vignerons et apprenez-en plus sur la fabrication traditionnelle du vin en Valais.<\/p>\n\n<p>Venez nous rendre visite et vivez des moments de plaisir inoubliables. Nous nous r\u00e9jouissons de vous accueillir personnellement ! <\/p>\n\n<hr class=\"wp-block-separator has-alpha-channel-opacity is-style-wide\" style=\"margin-top:2.5rem;margin-bottom:1.5rem\"\/>\n\n<h3 class=\"wp-block-heading\" style=\"border-style:none;border-width:0px;border-radius:0px;padding-top:1rem;font-size:1.5rem\">D\u00e9tails de l&rsquo;\u00e9v\u00e9nement<\/h3>\n\n<h4 class=\"wp-block-heading has-text-color has-link-color wp-elements-b0f321af2818f7d06856522af8046bac\" style=\"color:#a2924f;font-size:1.13rem\">Site<\/h4>\n\n<figure class=\"wp-block-table is-style-stripes\"><table class=\"has-fixed-layout\"><thead><tr><th class=\"has-text-align-left\" data-align=\"left\">HALLE<\/th><th class=\"has-text-align-left\" data-align=\"left\">STAND<\/th><\/tr><\/thead><tbody><tr><td class=\"has-text-align-left\" data-align=\"left\">2<\/td><td class=\"has-text-align-left\" data-align=\"left\">2.007<\/td><\/tr><\/tbody><\/table><\/figure>\n\n<h4 class=\"wp-block-heading has-text-color has-link-color wp-elements-9801d27bb4578d78e0c65ab6cc4ed62f\" style=\"color:#a2924f;padding-top:1rem;font-size:1.13rem\">Heures d&rsquo;ouverture<\/h4>\n\n<figure class=\"wp-block-table is-style-stripes\"><table class=\"has-fixed-layout\"><thead><tr><th class=\"has-text-align-left\" data-align=\"left\">JOUR<\/th><th class=\"has-text-align-left\" data-align=\"left\">TEMPS<\/th><\/tr><\/thead><tbody><tr><td class=\"has-text-align-left\" data-align=\"left\">Du mercredi au vendredi<\/td><td class=\"has-text-align-left\" data-align=\"left\">14:00-21:30 heures<\/td><\/tr><tr><td class=\"has-text-align-left\" data-align=\"left\">Samedi<\/td><td class=\"has-text-align-left\" data-align=\"left\">12:00-21:30 heures<\/td><\/tr><tr><td class=\"has-text-align-left\" data-align=\"left\">Dimanche<\/td><td class=\"has-text-align-left\" data-align=\"left\">10:00-18:00 heures<\/td><\/tr><\/tbody><tfoot><tr><td class=\"has-text-align-left\" data-align=\"left\">Les chiens ne sont pas admis dans l&rsquo;enceinte du salon. Les chiens guides d&rsquo;aveugles et les chiens d&rsquo;assistance ne sont pas concern\u00e9s. <\/td><td class=\"has-text-align-left\" data-align=\"left\"><\/td><\/tr><\/tfoot><\/table><\/figure>\n\n<h4 class=\"wp-block-heading has-text-color has-link-color wp-elements-7d1ea48e83ef70851349acb8369707d4\" style=\"color:#a2924f;padding-top:1rem;font-size:1.13rem\">Prix d&rsquo;entr\u00e9e<\/h4>\n\n<figure class=\"wp-block-table is-style-stripes\"><table class=\"has-fixed-layout\"><thead><tr><th class=\"has-text-align-left\" data-align=\"left\">BILLETS<\/th><th class=\"has-text-align-left\" data-align=\"left\">Prix<\/th><\/tr><\/thead><tbody><tr><td class=\"has-text-align-left\" data-align=\"left\">Adultes<\/td><td class=\"has-text-align-left\" data-align=\"left\">CHF 10.00<\/td><\/tr><tr><td class=\"has-text-align-left\" data-align=\"left\">AVS \/ AI \/ \u00c9tudiants et apprentis \/ R\u00e9duction sur les transports publics  <\/td><td class=\"has-text-align-left\" data-align=\"left\">CHF 6.00<\/td><\/tr><tr><td class=\"has-text-align-left\" data-align=\"left\">Enfants jusqu&rsquo;\u00e0 16 ans <br\/>(accompagn\u00e9s d&rsquo;un adulte)  <\/td><td class=\"has-text-align-left\" data-align=\"left\">gratuit<\/td><\/tr><\/tbody><tfoot><tr><td class=\"has-text-align-left\" data-align=\"left\">TVA incluse, sous r\u00e9serve de modification des prix.<\/td><td class=\"has-text-align-left\" data-align=\"left\"><\/td><\/tr><\/tfoot><\/table><\/figure>\n\n<h4 class=\"wp-block-heading has-text-color has-link-color wp-elements-1882e49f2d5c233183d403cb6ad816af\" style=\"color:#a2924f;padding-top:1rem;font-size:1.13rem\">Arriv\u00e9e<\/h4>\n\n<p>Dans la mesure du possible, voyagez en transports publics pour vous rendre au salon. Depuis la gare de Wetzikon, il ne vous faudra que quelques minutes \u00e0 pied pour rejoindre le site d&rsquo;exposition. <\/p>\n\n<p><strong>Ligne de bus 869 : <\/strong>ligne Wetzikon jusqu&rsquo;\u00e0 Hinwil. Le bus 869 sur la ligne Wetzikon jusqu&rsquo;\u00e0 Hinwil s&rsquo;arr\u00eate directement devant l&rsquo;entr\u00e9e principale du ZOM \u00e0 l&rsquo;arr\u00eat \u00ab\u00a0Stadion\u00a0\u00bb. La ligne est prolong\u00e9e pendant le ZOM. Veuillez consulter le panneau d&rsquo;information \u00e0 l&rsquo;arr\u00eat.     <\/p>\n\n<p>Derniers d\u00e9parts de la ligne de bus 869 depuis l&rsquo;arr\u00eat ZOM \u00ab\u00a0Stadion\u00a0\u00bb :<\/p>\n\n<ul class=\"wp-block-list\">\n<li>Du mercredi au samedi : direction Wetzikon 21:30 | direction Hinwil 21:19.<\/li>\n\n\n\n<li>Dimanche : direction Wetzikon 18h59 | direction Hinwil 17h49.<\/li>\n<\/ul>\n\n<p>Le transport en bus est gratuit \u00e0 certaines heures. Veuillez vous renseigner aupr\u00e8s du chauffeur concern\u00e9. <\/p>\n\n<p><strong>En voiture :<\/strong> des places de parking sont disponibles autour du site pour les v\u00e9hicules individuels. Certaines places sont payantes (CHF. 5.00). <\/p>\n\n<h4 class=\"wp-block-heading has-text-color has-link-color wp-elements-6c54b53fc892c57f632c626c60a1bc8a\" style=\"color:#a2924f;padding-top:1rem;font-size:1.13rem\">Points forts du programme de la ZOM de Zurich<\/h4>\n\n<ul class=\"wp-block-list\">\n<li>Exposant Swiss Helicopter se pr\u00e9sente \u00e0 la ZOM Z\u00fcri Oberland et propose des vols panoramiques. Les r\u00e9servations sont possibles \u00e0 l&rsquo;avance aupr\u00e8s de la direction des op\u00e9rations \u00e0 Untervaz 081 322 57 57 <\/li>\n\n\n\n<li>Le Curling Club de Wetzikon propose du street curling<\/li>\n\n\n\n<li>Le plaisir de jouer avec les derniers jeux de Nintendo. D\u00e9couvrez les nouveaux circuits de Mario Kart 8 Deluxe ou Battle League Football <\/li>\n\n\n\n<li>A partir de 18 ans, tu peux vivre l&rsquo;action pure sur deux bolides SIM aupr\u00e8s du groupe TCS Oberland zurichois.<\/li>\n\n\n\n<li>Dans la tente de rencontre de Pro Senectute canton de Zurich, les visiteurs ont l&rsquo;occasion de trouver une personne qui leur convient pour leurs loisirs. Les personnes en \u00e2ge AVS se verront offrir gratuitement un caf\u00e9 ou une boisson. <\/li>\n\n\n\n<li>Exposant Radio Z\u00fcrisee en direct de la ZOM<\/li>\n\n\n\n<li>ZOM Z\u00fcrcher Oberland Family Day : le samedi apr\u00e8s-midi, c&rsquo;est la journ\u00e9e d\u00e9couverte pour les familles. Les enfants peuvent gagner de superbes prix lors de concours. <\/li>\n<\/ul>\n\n<h4 class=\"wp-block-heading has-text-color has-link-color wp-elements-51b42f58f68968cb81a4b9ad0714d645\" style=\"color:#a2924f;padding-top:1rem;font-size:1.13rem\">Offre Exposants dans le programme-cadre<\/h4>\n\n<ul class=\"wp-block-list\">\n<li>Zoo \u00e0 caresser : d\u00e9couvrez la diversit\u00e9 des animaux des fermes zurichoises. Vous pourrez admirer une vache et son veau, des ch\u00e8vres, des ch\u00e8vres naines, des moutons, des alpagas, des poules ainsi qu&rsquo;un \u00e2ne. <\/li>\n\n\n\n<li>Alpenbad : Les bains alpins de Bachtel sont consid\u00e9r\u00e9s comme un bon tuyau.<\/li>\n\n\n\n<li>Garderie d&rsquo;enfants : \u00e0 l&rsquo;entr\u00e9e du hall 1, le ch\u00e2teau gonflable invite les enfants \u00e0 partir de 3 ans \u00e0 jouer. La garderie peut \u00eatre utilis\u00e9e par les enfants \u00e0 partir de 3 ans sur le terrain de jeu des U.C.   <\/li>\n\n\n\n<li>ZOM Alp vous invite \u00e0 d\u00e9guster son c\u00e9l\u00e8bre pain de viande et sa raclette<\/li>\n\n\n\n<li>La course de colonnes. La course de cochons quotidienne \u00e0 la foire de l&rsquo;Oberland zurichois est un moment fort. <\/li>\n\n\n\n<li>Musique live \u00e0 la Z\u00fcrcher Oberland M\u00e4sse<\/li>\n<\/ul>\n","protected":false},"excerpt":{"rendered":"<p>FOIRE D&rsquo;AUTOMNE<br \/>Wetzikon, 02.09. au 06.09.2026 <\/p>\n","protected":false},"featured_media":19762,"parent":0,"template":"","ereignis-tags":[244],"class_list":["post-8592","veranstaltungen","type-veranstaltungen","status-publish","has-post-thumbnail","hentry","ereignis-tags-foires-et-salons"],"_links":{"self":[{"href":"https:\/\/www.mathier.com\/fr\/wp-json\/wp\/v2\/veranstaltungen\/8592","targetHints":{"allow":["GET"]}}],"collection":[{"href":"https:\/\/www.mathier.com\/fr\/wp-json\/wp\/v2\/veranstaltungen"}],"about":[{"href":"https:\/\/www.mathier.com\/fr\/wp-json\/wp\/v2\/types\/veranstaltungen"}],"wp:featuredmedia":[{"embeddable":true,"href":"https:\/\/www.mathier.com\/fr\/wp-json\/wp\/v2\/media\/19762"}],"wp:attachment":[{"href":"https:\/\/www.mathier.com\/fr\/wp-json\/wp\/v2\/media?parent=8592"}],"wp:term":[{"taxonomy":"ereignis-tags","embeddable":true,"href":"https:\/\/www.mathier.com\/fr\/wp-json\/wp\/v2\/ereignis-tags?post=8592"}],"curies":[{"name":"wp","href":"https:\/\/api.w.org\/{rel}","templated":true}]}}

<h2 class="wp-block-heading" style="font-size:1.75rem">Dégustation de grande classe &#8211; Vivez la tradition viticole valaisanne</h2>

<p>Plongez dans le <a href="https://www.mathier.com/fr/">monde unique du vin valaisan</a>! Lors de la prochaine foire, nous vous invitons à une dégustation spéciale qui vous permettra de goûter nos vins primés dans une atmosphère détendue.</p>

<p>Qu&rsquo;il s&rsquo;agisse <a href="https://www.mathier-shop.com/fr/types-de-vin/blanc/heida" rel="noopener">de vins blancs frais comme l&rsquo;Heida</a>, la Petite Arvine et l&rsquo;Amigne, de rosés élégants ou de vins rouges de caractère comme la Syrah, le Cornalin et l&rsquo;Humagne Rouge, notre sélection permet à chacun de trouver le plaisir qu&rsquo;il recherche. Laissez-vous inspirer par la passion et l&rsquo;expertise de nos vignerons et apprenez-en plus sur la fabrication traditionnelle du vin en Valais.</p>

<p>Venez nous rendre visite et vivez des moments de plaisir inoubliables. Nous nous réjouissons de vous accueillir personnellement ! </p>

<hr class="wp-block-separator has-alpha-channel-opacity is-style-wide" style="margin-top:2.5rem;margin-bottom:1.5rem"/>

<h3 class="wp-block-heading" style="border-style:none;border-width:0px;border-radius:0px;padding-top:1rem;font-size:1.5rem">Détails de l&rsquo;événement</h3>

<h4 class="wp-block-heading has-text-color has-link-color wp-elements-b0f321af2818f7d06856522af8046bac" style="color:#a2924f;font-size:1.13rem">Site</h4>

<figure class="wp-block-table is-style-stripes"><table class="has-fixed-layout"><thead><tr><th class="has-text-align-left" data-align="left">HALLE</th><th class="has-text-align-left" data-align="left">STAND</th></tr></thead><tbody><tr><td class="has-text-align-left" data-align="left">2</td><td class="has-text-align-left" data-align="left">2.007</td></tr></tbody></table></figure>

<h4 class="wp-block-heading has-text-color has-link-color wp-elements-9801d27bb4578d78e0c65ab6cc4ed62f" style="color:#a2924f;padding-top:1rem;font-size:1.13rem">Heures d&rsquo;ouverture</h4>

<figure class="wp-block-table is-style-stripes"><table class="has-fixed-layout"><thead><tr><th class="has-text-align-left" data-align="left">JOUR</th><th class="has-text-align-left" data-align="left">TEMPS</th></tr></thead><tbody><tr><td class="has-text-align-left" data-align="left">Du mercredi au vendredi</td><td class="has-text-align-left" data-align="left">14:00-21:30 heures</td></tr><tr><td class="has-text-align-left" data-align="left">Samedi</td><td class="has-text-align-left" data-align="left">12:00-21:30 heures</td></tr><tr><td class="has-text-align-left" data-align="left">Dimanche</td><td class="has-text-align-left" data-align="left">10:00-18:00 heures</td></tr></tbody><tfoot><tr><td class="has-text-align-left" data-align="left">Les chiens ne sont pas admis dans l&rsquo;enceinte du salon. Les chiens guides d&rsquo;aveugles et les chiens d&rsquo;assistance ne sont pas concernés. </td><td class="has-text-align-left" data-align="left"></td></tr></tfoot></table></figure>

<h4 class="wp-block-heading has-text-color has-link-color wp-elements-7d1ea48e83ef70851349acb8369707d4" style="color:#a2924f;padding-top:1rem;font-size:1.13rem">Prix d&rsquo;entrée</h4>

<figure class="wp-block-table is-style-stripes"><table class="has-fixed-layout"><thead><tr><th class="has-text-align-left" data-align="left">BILLETS</th><th class="has-text-align-left" data-align="left">Prix</th></tr></thead><tbody><tr><td class="has-text-align-left" data-align="left">Adultes</td><td class="has-text-align-left" data-align="left">CHF 10.00</td></tr><tr><td class="has-text-align-left" data-align="left">AVS / AI / Étudiants et apprentis / Réduction sur les transports publics  </td><td class="has-text-align-left" data-align="left">CHF 6.00</td></tr><tr><td class="has-text-align-left" data-align="left">Enfants jusqu&rsquo;à 16 ans <br/>(accompagnés d&rsquo;un adulte)  </td><td class="has-text-align-left" data-align="left">gratuit</td></tr></tbody><tfoot><tr><td class="has-text-align-left" data-align="left">TVA incluse, sous réserve de modification des prix.</td><td class="has-text-align-left" data-align="left"></td></tr></tfoot></table></figure>

<h4 class="wp-block-heading has-text-color has-link-color wp-elements-1882e49f2d5c233183d403cb6ad816af" style="color:#a2924f;padding-top:1rem;font-size:1.13rem">Arrivée</h4>

<p>Dans la mesure du possible, voyagez en transports publics pour vous rendre au salon. Depuis la gare de Wetzikon, il ne vous faudra que quelques minutes à pied pour rejoindre le site d&rsquo;exposition. </p>

<p><strong>Ligne de bus 869 : </strong>ligne Wetzikon jusqu&rsquo;à Hinwil. Le bus 869 sur la ligne Wetzikon jusqu&rsquo;à Hinwil s&rsquo;arrête directement devant l&rsquo;entrée principale du ZOM à l&rsquo;arrêt « Stadion ». La ligne est prolongée pendant le ZOM. Veuillez consulter le panneau d&rsquo;information à l&rsquo;arrêt.     </p>

<p>Derniers départs de la ligne de bus 869 depuis l&rsquo;arrêt ZOM « Stadion » :</p>

<ul class="wp-block-list">
<li>Du mercredi au samedi : direction Wetzikon 21:30 | direction Hinwil 21:19.</li>



<li>Dimanche : direction Wetzikon 18h59 | direction Hinwil 17h49.</li>
</ul>

<p>Le transport en bus est gratuit à certaines heures. Veuillez vous renseigner auprès du chauffeur concerné. </p>

<p><strong>En voiture :</strong> des places de parking sont disponibles autour du site pour les véhicules individuels. Certaines places sont payantes (CHF. 5.00). </p>

<h4 class="wp-block-heading has-text-color has-link-color wp-elements-6c54b53fc892c57f632c626c60a1bc8a" style="color:#a2924f;padding-top:1rem;font-size:1.13rem">Points forts du programme de la ZOM de Zurich</h4>

<ul class="wp-block-list">
<li>Exposant Swiss Helicopter se présente à la ZOM Züri Oberland et propose des vols panoramiques. Les réservations sont possibles à l&rsquo;avance auprès de la direction des opérations à Untervaz 081 322 57 57 </li>



<li>Le Curling Club de Wetzikon propose du street curling</li>



<li>Le plaisir de jouer avec les derniers jeux de Nintendo. Découvrez les nouveaux circuits de Mario Kart 8 Deluxe ou Battle League Football </li>



<li>A partir de 18 ans, tu peux vivre l&rsquo;action pure sur deux bolides SIM auprès du groupe TCS Oberland zurichois.</li>



<li>Dans la tente de rencontre de Pro Senectute canton de Zurich, les visiteurs ont l&rsquo;occasion de trouver une personne qui leur convient pour leurs loisirs. Les personnes en âge AVS se verront offrir gratuitement un café ou une boisson. </li>



<li>Exposant Radio Zürisee en direct de la ZOM</li>



<li>ZOM Zürcher Oberland Family Day : le samedi après-midi, c&rsquo;est la journée découverte pour les familles. Les enfants peuvent gagner de superbes prix lors de concours. </li>
</ul>

<h4 class="wp-block-heading has-text-color has-link-color wp-elements-51b42f58f68968cb81a4b9ad0714d645" style="color:#a2924f;padding-top:1rem;font-size:1.13rem">Offre Exposants dans le programme-cadre</h4>

<ul class="wp-block-list">
<li>Zoo à caresser : découvrez la diversité des animaux des fermes zurichoises. Vous pourrez admirer une vache et son veau, des chèvres, des chèvres naines, des moutons, des alpagas, des poules ainsi qu&rsquo;un âne. </li>



<li>Alpenbad : Les bains alpins de Bachtel sont considérés comme un bon tuyau.</li>



<li>Garderie d&rsquo;enfants : à l&rsquo;entrée du hall 1, le château gonflable invite les enfants à partir de 3 ans à jouer. La garderie peut être utilisée par les enfants à partir de 3 ans sur le terrain de jeu des U.C.   </li>



<li>ZOM Alp vous invite à déguster son célèbre pain de viande et sa raclette</li>



<li>La course de colonnes. La course de cochons quotidienne à la foire de l&rsquo;Oberland zurichois est un moment fort. </li>



<li>Musique live à la Zürcher Oberland Mässe</li>
</ul>
