{"id":8595,"date":"2024-08-06T13:41:15","date_gmt":"2024-08-06T11:41:15","guid":{"rendered":"https:\/\/www.mathier.com\/events\/foire-dautomne-de-zoug-25-10-02-11-2025\/"},"modified":"2026-03-23T11:09:13","modified_gmt":"2026-03-23T10:09:13","slug":"foire-d-automne-de-zoug","status":"publish","type":"veranstaltungen","link":"https:\/\/www.mathier.com\/fr\/events\/foire-d-automne-de-zoug\/","title":{"rendered":"Foire d&rsquo;automne de Zoug"},"content":{"rendered":"\n<h2 class=\"wp-block-heading\" style=\"font-size:1.75rem\">D\u00e9gustation de grande classe &#8211; Vivez la tradition viticole valaisanne<\/h2>\n\n<p>Plongez dans le <a href=\"https:\/\/www.mathier.com\/fr\/\">monde fascinant du vin valaisan<\/a>! Lors de la prochaine foire, nous vous invitons \u00e0 une <a href=\"https:\/\/www.mathier.com\/fr\/degustation-de-vin-en-suisse\/\">d\u00e9gustation sp\u00e9ciale de<\/a> <a href=\"https:\/\/www.mathier-shop.com\/fr\/\" rel=\"noopener\">nos vins prim\u00e9s<\/a> dans une atmosph\u00e8re d\u00e9tendue.<\/p>\n\n<p>Qu&rsquo;il s&rsquo;agisse de vins blancs frais comme la Petite Arvine, l&rsquo;Heida et l&rsquo;Amigne, d&rsquo;\u00e9l\u00e9gants vins ros\u00e9s ou de vins rouges de caract\u00e8re comme la Syrah, le Cornalin et l&rsquo;Humagne Rouge, notre s\u00e9lection permet \u00e0 chacun de trouver le plaisir qui lui convient. Laissez-vous inspirer par la passion et l&rsquo;expertise de nos vignerons et apprenez-en plus sur la fabrication traditionnelle du vin en Valais.<\/p>\n\n<p>Venez nous rendre visite et vivez des moments de plaisir inoubliables. Nous nous r\u00e9jouissons de vous accueillir personnellement ! <\/p>\n\n<hr class=\"wp-block-separator has-alpha-channel-opacity is-style-wide\" style=\"margin-top:2.5rem;margin-bottom:1.5rem\"\/>\n\n<h3 class=\"wp-block-heading\" style=\"border-style:none;border-width:0px;border-radius:0px;padding-top:1rem;font-size:1.5rem\">D\u00e9tails de l&rsquo;\u00e9v\u00e9nement<\/h3>\n\n<h4 class=\"wp-block-heading has-text-color has-link-color wp-elements-b0f321af2818f7d06856522af8046bac\" style=\"color:#a2924f;font-size:1.13rem\">Site<\/h4>\n\n<figure class=\"wp-block-table is-style-stripes\"><table class=\"has-fixed-layout\"><thead><tr><th class=\"has-text-align-left\" data-align=\"left\">HALLE<\/th><th class=\"has-text-align-left\" data-align=\"left\">STAND<\/th><\/tr><\/thead><tbody><tr><td class=\"has-text-align-left\" data-align=\"left\">1<\/td><td class=\"has-text-align-left\" data-align=\"left\">A4.07<\/td><\/tr><\/tbody><\/table><\/figure>\n\n<h4 class=\"wp-block-heading has-text-color has-link-color wp-elements-9801d27bb4578d78e0c65ab6cc4ed62f\" style=\"color:#a2924f;padding-top:1rem;font-size:1.13rem\">Heures d&rsquo;ouverture<\/h4>\n\n<figure class=\"wp-block-table is-style-stripes\"><table class=\"has-fixed-layout\"><thead><tr><th class=\"has-text-align-left\" data-align=\"left\">JOUR<\/th><th class=\"has-text-align-left\" data-align=\"left\">TEMPS<\/th><\/tr><\/thead><tbody><tr><td class=\"has-text-align-left\" data-align=\"left\">Du lundi au mardi<\/td><td class=\"has-text-align-left\" data-align=\"left\">14:00-21:00 heures<\/td><\/tr><tr><td class=\"has-text-align-left\" data-align=\"left\">Du mercredi au vendredi<\/td><td class=\"has-text-align-left\" data-align=\"left\">14:00-22:00 heures<\/td><\/tr><tr><td class=\"has-text-align-left\" data-align=\"left\">Samedi<\/td><td class=\"has-text-align-left\" data-align=\"left\">10:30-22:00 heures<\/td><\/tr><tr><td class=\"has-text-align-left\" data-align=\"left\">Dimanche<\/td><td class=\"has-text-align-left\" data-align=\"left\">10:30-18:00 heures<\/td><\/tr><\/tbody><tfoot><tr><td class=\"has-text-align-left\" data-align=\"left\">Les chiens ne sont pas admis dans l&rsquo;enceinte du salon. Les chiens guides d&rsquo;aveugles et les chiens d&rsquo;assistance ne sont pas concern\u00e9s. <\/td><td class=\"has-text-align-left\" data-align=\"left\"><\/td><\/tr><\/tfoot><\/table><\/figure>\n\n<h4 class=\"wp-block-heading has-text-color has-link-color wp-elements-7d1ea48e83ef70851349acb8369707d4\" style=\"color:#a2924f;padding-top:1rem;font-size:1.13rem\">Prix d&rsquo;entr\u00e9e<\/h4>\n\n<figure class=\"wp-block-table is-style-stripes\"><table class=\"has-fixed-layout\"><thead><tr><th class=\"has-text-align-left\" data-align=\"left\">BILLETS<\/th><th class=\"has-text-align-left\" data-align=\"left\">PRIX<\/th><\/tr><\/thead><tbody><tr><td class=\"has-text-align-left\" data-align=\"left\">Adultes<\/td><td class=\"has-text-align-left\" data-align=\"left\">CHF 14.00<\/td><\/tr><tr><td class=\"has-text-align-left\" data-align=\"left\">Jeunes de 12 \u00e0 16 ans, apprentis, \u00e9tudiants, AVS, AI<\/td><td class=\"has-text-align-left\" data-align=\"left\">CHF 12.00<\/td><\/tr><tr><td class=\"has-text-align-left\" data-align=\"left\">Enfants jusqu&rsquo;\u00e0 12 ans accompagn\u00e9s d&rsquo;un adulte<\/td><td class=\"has-text-align-left\" data-align=\"left\">Gratuit<\/td><\/tr><tr><td class=\"has-text-align-left\" data-align=\"left\">Carte permanente personnelle pour 9 jours de salon<\/td><td class=\"has-text-align-left\" data-align=\"left\">CHF 36.00<\/td><\/tr><tr><td class=\"has-text-align-left\" data-align=\"left\">Billet familial<br\/>(max. 2 adultes, tous les enfants et adolescents jusqu&rsquo;\u00e0 16 ans)<\/td><td class=\"has-text-align-left\" data-align=\"left\">CHF 36.00<\/td><\/tr><\/tbody><tfoot><tr><td class=\"has-text-align-left\" data-align=\"left\">TVA incluse, sous r\u00e9serve de modification des prix.<\/td><td class=\"has-text-align-left\" data-align=\"left\"><\/td><\/tr><\/tfoot><\/table><\/figure>\n\n<h4 class=\"wp-block-heading has-text-color has-link-color wp-elements-1882e49f2d5c233183d403cb6ad816af\" style=\"color:#a2924f;padding-top:1rem;font-size:1.13rem\">Arriv\u00e9e<\/h4>\n\n<p>En collaboration avec la ZVB et CFF RailAway, la Foire de Zoug propose des offres sp\u00e9ciales qui comprennent le voyage aller et retour, y compris l&rsquo;entr\u00e9e. Plus d&rsquo;informations \u00e0 ce sujet sur zvb.ch et sbb.ch\/zugermesse. <\/p>\n\n<h4 class=\"wp-block-heading has-text-color has-link-color wp-elements-64a4181d6419c8d9d5ba708d2ba828f8\" style=\"color:#a2924f;padding-top:1rem;font-size:1.13rem\">Les temps forts de la foire de Zoug<\/h4>\n\n<ul class=\"wp-block-list\">\n<li>Salle de danse<\/li>\n\n\n\n<li>D\u00e9fil\u00e9s de mode quotidiens<\/li>\n\n\n\n<li>Train \u00e0 vapeur<\/li>\n\n\n\n<li>Hall des animaux<\/li>\n\n\n\n<li>L&rsquo;association des fanfares de Zoug en tant qu&rsquo;exposition sp\u00e9ciale<\/li>\n\n\n\n<li>Le Mus\u00e9e Suisse des Transports en tant qu&rsquo;exposition sp\u00e9ciale<\/li>\n\n\n\n<li>Vivez la culture en automne \u00e0 la foire de Zoug<\/li>\n\n\n\n<li>Zuger Messe la mani\u00e8re d&rsquo;aller \u00e0 la sortie<\/li>\n<\/ul>\n\n<p>En plus d&rsquo;un grand nombre d&rsquo;exposants et d&rsquo;expositions sp\u00e9ciales, la Foire de Zoug propose chaque ann\u00e9e d&rsquo;autres temps forts et beaucoup de divertissement. La Foire de Zoug et la famille Mathier se r\u00e9jouissent d&rsquo;accueillir de nombreux visiteurs. <\/p>\n\n<p><\/p>\n","protected":false},"excerpt":{"rendered":"<p>FOIRE D&rsquo;AUTOMNE<br \/>Zoug, 24.10. au 01.11.2026 <\/p>\n","protected":false},"featured_media":19819,"parent":0,"template":"","ereignis-tags":[244],"class_list":["post-8595","veranstaltungen","type-veranstaltungen","status-publish","has-post-thumbnail","hentry","ereignis-tags-foires-et-salons"],"_links":{"self":[{"href":"https:\/\/www.mathier.com\/fr\/wp-json\/wp\/v2\/veranstaltungen\/8595","targetHints":{"allow":["GET"]}}],"collection":[{"href":"https:\/\/www.mathier.com\/fr\/wp-json\/wp\/v2\/veranstaltungen"}],"about":[{"href":"https:\/\/www.mathier.com\/fr\/wp-json\/wp\/v2\/types\/veranstaltungen"}],"wp:featuredmedia":[{"embeddable":true,"href":"https:\/\/www.mathier.com\/fr\/wp-json\/wp\/v2\/media\/19819"}],"wp:attachment":[{"href":"https:\/\/www.mathier.com\/fr\/wp-json\/wp\/v2\/media?parent=8595"}],"wp:term":[{"taxonomy":"ereignis-tags","embeddable":true,"href":"https:\/\/www.mathier.com\/fr\/wp-json\/wp\/v2\/ereignis-tags?post=8595"}],"curies":[{"name":"wp","href":"https:\/\/api.w.org\/{rel}","templated":true}]}}

<h2 class="wp-block-heading" style="font-size:1.75rem">Dégustation de grande classe &#8211; Vivez la tradition viticole valaisanne</h2>

<p>Plongez dans le <a href="https://www.mathier.com/fr/">monde fascinant du vin valaisan</a>! Lors de la prochaine foire, nous vous invitons à une <a href="https://www.mathier.com/fr/degustation-de-vin-en-suisse/">dégustation spéciale de</a> <a href="https://www.mathier-shop.com/fr/" rel="noopener">nos vins primés</a> dans une atmosphère détendue.</p>

<p>Qu&rsquo;il s&rsquo;agisse de vins blancs frais comme la Petite Arvine, l&rsquo;Heida et l&rsquo;Amigne, d&rsquo;élégants vins rosés ou de vins rouges de caractère comme la Syrah, le Cornalin et l&rsquo;Humagne Rouge, notre sélection permet à chacun de trouver le plaisir qui lui convient. Laissez-vous inspirer par la passion et l&rsquo;expertise de nos vignerons et apprenez-en plus sur la fabrication traditionnelle du vin en Valais.</p>

<p>Venez nous rendre visite et vivez des moments de plaisir inoubliables. Nous nous réjouissons de vous accueillir personnellement ! </p>

<hr class="wp-block-separator has-alpha-channel-opacity is-style-wide" style="margin-top:2.5rem;margin-bottom:1.5rem"/>

<h3 class="wp-block-heading" style="border-style:none;border-width:0px;border-radius:0px;padding-top:1rem;font-size:1.5rem">Détails de l&rsquo;événement</h3>

<h4 class="wp-block-heading has-text-color has-link-color wp-elements-b0f321af2818f7d06856522af8046bac" style="color:#a2924f;font-size:1.13rem">Site</h4>

<figure class="wp-block-table is-style-stripes"><table class="has-fixed-layout"><thead><tr><th class="has-text-align-left" data-align="left">HALLE</th><th class="has-text-align-left" data-align="left">STAND</th></tr></thead><tbody><tr><td class="has-text-align-left" data-align="left">1</td><td class="has-text-align-left" data-align="left">A4.07</td></tr></tbody></table></figure>

<h4 class="wp-block-heading has-text-color has-link-color wp-elements-9801d27bb4578d78e0c65ab6cc4ed62f" style="color:#a2924f;padding-top:1rem;font-size:1.13rem">Heures d&rsquo;ouverture</h4>

<figure class="wp-block-table is-style-stripes"><table class="has-fixed-layout"><thead><tr><th class="has-text-align-left" data-align="left">JOUR</th><th class="has-text-align-left" data-align="left">TEMPS</th></tr></thead><tbody><tr><td class="has-text-align-left" data-align="left">Du lundi au mardi</td><td class="has-text-align-left" data-align="left">14:00-21:00 heures</td></tr><tr><td class="has-text-align-left" data-align="left">Du mercredi au vendredi</td><td class="has-text-align-left" data-align="left">14:00-22:00 heures</td></tr><tr><td class="has-text-align-left" data-align="left">Samedi</td><td class="has-text-align-left" data-align="left">10:30-22:00 heures</td></tr><tr><td class="has-text-align-left" data-align="left">Dimanche</td><td class="has-text-align-left" data-align="left">10:30-18:00 heures</td></tr></tbody><tfoot><tr><td class="has-text-align-left" data-align="left">Les chiens ne sont pas admis dans l&rsquo;enceinte du salon. Les chiens guides d&rsquo;aveugles et les chiens d&rsquo;assistance ne sont pas concernés. </td><td class="has-text-align-left" data-align="left"></td></tr></tfoot></table></figure>

<h4 class="wp-block-heading has-text-color has-link-color wp-elements-7d1ea48e83ef70851349acb8369707d4" style="color:#a2924f;padding-top:1rem;font-size:1.13rem">Prix d&rsquo;entrée</h4>

<figure class="wp-block-table is-style-stripes"><table class="has-fixed-layout"><thead><tr><th class="has-text-align-left" data-align="left">BILLETS</th><th class="has-text-align-left" data-align="left">PRIX</th></tr></thead><tbody><tr><td class="has-text-align-left" data-align="left">Adultes</td><td class="has-text-align-left" data-align="left">CHF 14.00</td></tr><tr><td class="has-text-align-left" data-align="left">Jeunes de 12 à 16 ans, apprentis, étudiants, AVS, AI</td><td class="has-text-align-left" data-align="left">CHF 12.00</td></tr><tr><td class="has-text-align-left" data-align="left">Enfants jusqu&rsquo;à 12 ans accompagnés d&rsquo;un adulte</td><td class="has-text-align-left" data-align="left">Gratuit</td></tr><tr><td class="has-text-align-left" data-align="left">Carte permanente personnelle pour 9 jours de salon</td><td class="has-text-align-left" data-align="left">CHF 36.00</td></tr><tr><td class="has-text-align-left" data-align="left">Billet familial<br/>(max. 2 adultes, tous les enfants et adolescents jusqu&rsquo;à 16 ans)</td><td class="has-text-align-left" data-align="left">CHF 36.00</td></tr></tbody><tfoot><tr><td class="has-text-align-left" data-align="left">TVA incluse, sous réserve de modification des prix.</td><td class="has-text-align-left" data-align="left"></td></tr></tfoot></table></figure>

<h4 class="wp-block-heading has-text-color has-link-color wp-elements-1882e49f2d5c233183d403cb6ad816af" style="color:#a2924f;padding-top:1rem;font-size:1.13rem">Arrivée</h4>

<p>En collaboration avec la ZVB et CFF RailAway, la Foire de Zoug propose des offres spéciales qui comprennent le voyage aller et retour, y compris l&rsquo;entrée. Plus d&rsquo;informations à ce sujet sur zvb.ch et sbb.ch/zugermesse. </p>

<h4 class="wp-block-heading has-text-color has-link-color wp-elements-64a4181d6419c8d9d5ba708d2ba828f8" style="color:#a2924f;padding-top:1rem;font-size:1.13rem">Les temps forts de la foire de Zoug</h4>

<ul class="wp-block-list">
<li>Salle de danse</li>



<li>Défilés de mode quotidiens</li>



<li>Train à vapeur</li>



<li>Hall des animaux</li>



<li>L&rsquo;association des fanfares de Zoug en tant qu&rsquo;exposition spéciale</li>



<li>Le Musée Suisse des Transports en tant qu&rsquo;exposition spéciale</li>



<li>Vivez la culture en automne à la foire de Zoug</li>



<li>Zuger Messe la manière d&rsquo;aller à la sortie</li>
</ul>

<p>En plus d&rsquo;un grand nombre d&rsquo;exposants et d&rsquo;expositions spéciales, la Foire de Zoug propose chaque année d&rsquo;autres temps forts et beaucoup de divertissement. La Foire de Zoug et la famille Mathier se réjouissent d&rsquo;accueillir de nombreux visiteurs. </p>

<p></p>
