{"id":8598,"date":"2024-08-14T14:07:10","date_gmt":"2024-08-14T12:07:10","guid":{"rendered":"https:\/\/www.mathier.com\/events\/evenement-de-ramassage-interlaken\/"},"modified":"2026-01-07T15:04:59","modified_gmt":"2026-01-07T14:04:59","slug":"abholevent-interlaken","status":"publish","type":"veranstaltungen","link":"https:\/\/www.mathier.com\/fr\/events\/abholevent-interlaken\/","title":{"rendered":"\u00c9v\u00e9nement de ramassage Interlaken"},"content":{"rendered":"\n<h2 class=\"wp-block-heading\" style=\"font-size:1.75rem\">\u00c9v\u00e9nement de ramassage avec vin et raclette<\/h2>\n\n<p>Venez nous rendre visite \u00e0 Interlaken. L&rsquo;\u00e9quipe du magasin de vins Ritschard se r\u00e9jouit d&rsquo;ores et d\u00e9j\u00e0 de votre visite. Vous aurez la possibilit\u00e9 de d\u00e9guster sur place les <a href=\"https:\/\/www.mathier-shop.com\/fr\/tous-les-vins\" rel=\"noopener\">vins d&rsquo;Adrian &amp; Diego Mathier Nouveau Salquenen SA<\/a>, de les acheter et surtout de retirer directement votre commande des salons &#8211; aux m\u00eames conditions qu&rsquo;\u00e0 Salquenen. Un rabais de retrait de CHF 1.00 par unit\u00e9 et un rabais de quantit\u00e9 \u00e0 partir de 36 bouteilles. Pour vous remercier de votre commande, une d\u00e9licieuse raclette vous sera offerte par la famille Nadia &amp; Diego Mathier et le commerce de vin Ritschard, et vous aurez la possibilit\u00e9 d&rsquo;acheter une demi-meule de fromage \u00e0 raclette au prix pr\u00e9f\u00e9rentiel de CHF 65.      <\/p>\n\n<hr class=\"wp-block-separator has-alpha-channel-opacity is-style-wide\" style=\"margin-top:2.5rem;margin-bottom:1.5rem\"\/>\n\n<h3 class=\"wp-block-heading\" style=\"border-style:none;border-width:0px;border-radius:0px;padding-top:1rem;font-size:1.5rem\">D\u00e9tails de l&rsquo;\u00e9v\u00e9nement<\/h3>\n\n<h4 class=\"wp-block-heading has-text-color has-link-color wp-elements-86a20cba346b96acbb30ba7d3003d0b7\" style=\"color:#a2924f;font-size:1.13rem\">\u00c9v\u00e9nements<\/h4>\n\n<figure class=\"wp-block-table is-style-stripes\"><table class=\"has-fixed-layout\"><thead><tr><th class=\"has-text-align-left\" data-align=\"left\">JOUR<\/th><th class=\"has-text-align-left\" data-align=\"left\">TEMPS<\/th><\/tr><\/thead><tbody><tr><td class=\"has-text-align-left\" data-align=\"left\">Vendredi<\/td><td class=\"has-text-align-left\" data-align=\"left\">14:00 &#8211; 20:00 heures<\/td><\/tr><tr><td class=\"has-text-align-left\" data-align=\"left\">Samedi<\/td><td class=\"has-text-align-left\" data-align=\"left\">10:00 &#8211; 16:00 heures<\/td><\/tr><\/tbody><\/table><\/figure>\n\n<p><\/p>\n","protected":false},"excerpt":{"rendered":"<p>WEIN &amp; RACLETTE<br \/>Interlaken, 20.11. au 21.11.2026 <\/p>\n","protected":false},"featured_media":1847,"parent":0,"template":"","ereignis-tags":[242],"class_list":["post-8598","veranstaltungen","type-veranstaltungen","status-publish","has-post-thumbnail","hentry","ereignis-tags-evenements"],"_links":{"self":[{"href":"https:\/\/www.mathier.com\/fr\/wp-json\/wp\/v2\/veranstaltungen\/8598","targetHints":{"allow":["GET"]}}],"collection":[{"href":"https:\/\/www.mathier.com\/fr\/wp-json\/wp\/v2\/veranstaltungen"}],"about":[{"href":"https:\/\/www.mathier.com\/fr\/wp-json\/wp\/v2\/types\/veranstaltungen"}],"wp:featuredmedia":[{"embeddable":true,"href":"https:\/\/www.mathier.com\/fr\/wp-json\/wp\/v2\/media\/1847"}],"wp:attachment":[{"href":"https:\/\/www.mathier.com\/fr\/wp-json\/wp\/v2\/media?parent=8598"}],"wp:term":[{"taxonomy":"ereignis-tags","embeddable":true,"href":"https:\/\/www.mathier.com\/fr\/wp-json\/wp\/v2\/ereignis-tags?post=8598"}],"curies":[{"name":"wp","href":"https:\/\/api.w.org\/{rel}","templated":true}]}}

Événement de ramassage Interlaken

<h2 class="wp-block-heading" style="font-size:1.75rem">Événement de ramassage avec vin et raclette</h2>

<p>Venez nous rendre visite à Interlaken. L&rsquo;équipe du magasin de vins Ritschard se réjouit d&rsquo;ores et déjà de votre visite. Vous aurez la possibilité de déguster sur place les <a href="https://www.mathier-shop.com/fr/tous-les-vins" rel="noopener">vins d&rsquo;Adrian &amp; Diego Mathier Nouveau Salquenen SA</a>, de les acheter et surtout de retirer directement votre commande des salons &#8211; aux mêmes conditions qu&rsquo;à Salquenen. Un rabais de retrait de CHF 1.00 par unité et un rabais de quantité à partir de 36 bouteilles. Pour vous remercier de votre commande, une délicieuse raclette vous sera offerte par la famille Nadia &amp; Diego Mathier et le commerce de vin Ritschard, et vous aurez la possibilité d&rsquo;acheter une demi-meule de fromage à raclette au prix préférentiel de CHF 65.      </p>

<hr class="wp-block-separator has-alpha-channel-opacity is-style-wide" style="margin-top:2.5rem;margin-bottom:1.5rem"/>

<h3 class="wp-block-heading" style="border-style:none;border-width:0px;border-radius:0px;padding-top:1rem;font-size:1.5rem">Détails de l&rsquo;événement</h3>

<h4 class="wp-block-heading has-text-color has-link-color wp-elements-86a20cba346b96acbb30ba7d3003d0b7" style="color:#a2924f;font-size:1.13rem">Événements</h4>

<figure class="wp-block-table is-style-stripes"><table class="has-fixed-layout"><thead><tr><th class="has-text-align-left" data-align="left">JOUR</th><th class="has-text-align-left" data-align="left">TEMPS</th></tr></thead><tbody><tr><td class="has-text-align-left" data-align="left">Vendredi</td><td class="has-text-align-left" data-align="left">14:00 &#8211; 20:00 heures</td></tr><tr><td class="has-text-align-left" data-align="left">Samedi</td><td class="has-text-align-left" data-align="left">10:00 &#8211; 16:00 heures</td></tr></tbody></table></figure>

<p></p>
